{"id":1427,"date":"2018-10-06T22:23:28","date_gmt":"2018-10-06T20:23:28","guid":{"rendered":"http:\/\/remediumbag.eu\/remediumwp\/moje-konto\/"},"modified":"2021-03-14T22:32:56","modified_gmt":"2021-03-14T21:32:56","slug":"moje-konto","status":"publish","type":"page","link":"https:\/\/remediumbag.eu\/remediumwp\/moje-konto\/","title":{"rendered":"Moje konto"},"content":{"rendered":"<style>.wp-block-kadence-spacer.kt-block-spacer-_02bc6c-43 .kt-block-spacer{height:60px;}.wp-block-kadence-spacer.kt-block-spacer-_02bc6c-43 .kt-divider{border-top-width:4px;border-top-color:#444;width:100%;border-top-style:solid;}<\/style>\n<div class=\"wp-block-kadence-spacer aligncenter kt-block-spacer-_02bc6c-43\"><div class=\"kt-block-spacer kt-block-spacer-halign-center\" style=\"height:60px\"><hr class=\"kt-divider\" style=\"border-top-color:rgba(68, 68, 68, 1);border-top-width:4px;width:100%;border-top-style:solid\"\/><\/div><\/div>\n\n\n\n<p><\/p>\n\n\n\n<div class=\"wp-block-media-text alignwide has-media-on-the-right is-stacked-on-mobile\"><figure class=\"wp-block-media-text__media\"><img decoding=\"async\" width=\"400\" height=\"400\" src=\"https:\/\/remediumbag.eu\/remediumwp\/wp-content\/uploads\/2021\/02\/remedium_post-24-400x400.jpg\" alt=\"moje konto i kontakt - rozmowy przy kawie - polityka prywatno\u015bci na stronie www - zdj\u0119cie przedstawia saszetk\u0119 z telefonem i kaw\u0119 w fili\u017cance\" class=\"wp-image-10171 size-medium\" srcset=\"https:\/\/remediumbag.eu\/remediumwp\/wp-content\/uploads\/2021\/02\/remedium_post-24-400x400.jpg 400w, https:\/\/remediumbag.eu\/remediumwp\/wp-content\/uploads\/2021\/02\/remedium_post-24-800x800.jpg 800w, https:\/\/remediumbag.eu\/remediumwp\/wp-content\/uploads\/2021\/02\/remedium_post-24-150x150.jpg 150w, https:\/\/remediumbag.eu\/remediumwp\/wp-content\/uploads\/2021\/02\/remedium_post-24-768x768.jpg 768w, https:\/\/remediumbag.eu\/remediumwp\/wp-content\/uploads\/2021\/02\/remedium_post-24-60x60.jpg 60w, https:\/\/remediumbag.eu\/remediumwp\/wp-content\/uploads\/2021\/02\/remedium_post-24-100x100.jpg 100w, https:\/\/remediumbag.eu\/remediumwp\/wp-content\/uploads\/2021\/02\/remedium_post-24.jpg 1080w\" sizes=\"(max-width: 400px) 100vw, 400px\" title=\"\"><\/figure><div class=\"wp-block-media-text__content\">\n<h2>Zak\u0142adka moje konto &#8211;<\/h2>\n\n\n\n<p>s\u0142u\u017cy \u0142atwiejszym zakupom, przechowuje dane z zakup\u00f3w i u\u0142atwia szybki kontakt z obs\u0142ug\u0105 i tw\u00f3rcami sklepiku. Wszelkie uwagi mile widziane!<\/p>\n<\/div><\/div>\n\n\n<style>.wp-block-kadence-spacer.kt-block-spacer-_2397ad-51 .kt-block-spacer{height:60px;}.wp-block-kadence-spacer.kt-block-spacer-_2397ad-51 .kt-divider{border-top-width:1px;height:1px;border-top-color:#eee;width:80%;border-top-style:solid;}<\/style>\n<div class=\"wp-block-kadence-spacer aligncenter kt-block-spacer-_2397ad-51\"><div class=\"kt-block-spacer kt-block-spacer-halign-center\" style=\"height:60px\"><hr class=\"kt-divider\" style=\"border-top-color:rgba(238, 238, 238, 1);border-top-width:1px;width:80%;border-top-style:solid\"\/><\/div><\/div>\n\n\n\n<p>Przy zapisie na Newsletter, kt\u00f3ry wysy\u0142am raz w miesi\u0105cu, przesy\u0142am aktywny kupon na pierwsze zakupy ze zni\u017ck\u0105 -15%. Pisz\u0119 nie tylko o nowo\u015bciach w sklepie, zapowiedziach kolekcji, ale r\u00f3wnie\u017c o tym, co ciekawego s\u0142ycha\u0107 w \u015bwiecie odpowiedzialnej mody. <a aria-label=\"Zapraszam! (opens in a new tab)\" href=\"https:\/\/remediumbag.eu\/remediumwp\/newsletter-remediumbag-2019\/\" target=\"_blank\" rel=\"noreferrer noopener\" class=\"rank-math-link\">Zapraszam!<\/a><\/p>\n\n\n<style>.wp-block-kadence-spacer.kt-block-spacer-_ccacbc-56 .kt-block-spacer{height:60px;}.wp-block-kadence-spacer.kt-block-spacer-_ccacbc-56 .kt-divider{border-top-width:1px;height:1px;border-top-color:#eee;width:80%;border-top-style:solid;}<\/style>\n<div class=\"wp-block-kadence-spacer aligncenter kt-block-spacer-_ccacbc-56\"><div class=\"kt-block-spacer kt-block-spacer-halign-center\" style=\"height:60px\"><hr class=\"kt-divider\" style=\"border-top-color:rgba(238, 238, 238, 1);border-top-width:1px;width:80%;border-top-style:solid\"\/><\/div><\/div>\n\n\n<div class=\"woocommerce\"><\/div>","protected":false},"excerpt":{"rendered":"<p>Zak\u0142adka moje konto &#8211; s\u0142u\u017cy \u0142atwiejszym zakupom, przechowuje dane z zakup\u00f3w i u\u0142atwia szybki kontakt z obs\u0142ug\u0105 i tw\u00f3rcami sklepiku. Wszelkie uwagi mile widziane! Przy zapisie na Newsletter, kt\u00f3ry wysy\u0142am raz w miesi\u0105cu, przesy\u0142am aktywny kupon na pierwsze zakupy ze &hellip; <a href=\"https:\/\/remediumbag.eu\/remediumwp\/moje-konto\/\">Czytaj wi\u0119cej<\/a><\/p>\n","protected":false},"author":1,"featured_media":0,"parent":0,"menu_order":0,"comment_status":"closed","ping_status":"closed","template":"","meta":{"kt_blocks_editor_width":""},"amp_enabled":true,"_links":{"self":[{"href":"https:\/\/remediumbag.eu\/remediumwp\/wp-json\/wp\/v2\/pages\/1427"}],"collection":[{"href":"https:\/\/remediumbag.eu\/remediumwp\/wp-json\/wp\/v2\/pages"}],"about":[{"href":"https:\/\/remediumbag.eu\/remediumwp\/wp-json\/wp\/v2\/types\/page"}],"author":[{"embeddable":true,"href":"https:\/\/remediumbag.eu\/remediumwp\/wp-json\/wp\/v2\/users\/1"}],"replies":[{"embeddable":true,"href":"https:\/\/remediumbag.eu\/remediumwp\/wp-json\/wp\/v2\/comments?post=1427"}],"version-history":[{"count":5,"href":"https:\/\/remediumbag.eu\/remediumwp\/wp-json\/wp\/v2\/pages\/1427\/revisions"}],"predecessor-version":[{"id":10490,"href":"https:\/\/remediumbag.eu\/remediumwp\/wp-json\/wp\/v2\/pages\/1427\/revisions\/10490"}],"wp:attachment":[{"href":"https:\/\/remediumbag.eu\/remediumwp\/wp-json\/wp\/v2\/media?parent=1427"}],"curies":[{"name":"wp","href":"https:\/\/api.w.org\/{rel}","templated":true}]}}