{"id":10660,"date":"2021-03-11T15:24:24","date_gmt":"2021-03-11T14:24:24","guid":{"rendered":"https:\/\/remediumbag.eu\/remediumwp\/?post_type=product&#038;p=10660"},"modified":"2023-05-28T18:02:46","modified_gmt":"2023-05-28T16:02:46","slug":"czarna-torba-lniana-1","status":"publish","type":"product","link":"https:\/\/remediumbag.eu\/remediumwp\/sklep\/czarna-torba-lniana-1\/","title":{"rendered":"Torba lniana Czarny bez"},"content":{"rendered":"<div id=\"pl-10660\"  class=\"panel-layout\" ><div id=\"pg-10660-0\"  class=\"panel-grid panel-no-style\" ><div id=\"pgc-10660-0-0\"  class=\"panel-grid-cell\" ><div id=\"panel-10660-0-0-0\" class=\"so-panel widget widget_black-studio-tinymce widget_black_studio_tinymce panel-first-child panel-last-child\" data-index=\"0\" ><div class=\"textwidget\"><h3>Torba lniana czarna po prostu<\/h3>\n<p>Torba lniana wykonana z tkaniny produkcji polskiej. Jest to du\u017ca torba na rami\u0119 z dwoma do\u015b\u0107 d\u0142ugimi uchwytami, r\u00f3wnie\u017c lnianymi. Torba jest troch\u0119 wi\u0119ksza od tradycyjnych materia\u0142owych toreb na zakupy i ma poszerzane dno i boki. Dno jest lekko sztywniejsze i mocniejsze dzi\u0119ki dodatkowym warstwom materia\u0142u.<\/p>\n<h3>Len<\/h3>\n<p>Naturalny len jest tkanin\u0105 alternatywn\u0105 do konwencjonalnej bawe\u0142ny. Ma wiele wspania\u0142ych w\u0142a\u015bciwo\u015bci - latem ch\u0142odzi, zim\u0105, grubsze wersje lnu komfortowo otulaj\u0105, ale nie przegrzewaj\u0105. Len jest r\u00f3wnie\u017c antybakteryjny i przyjazny dla sk\u00f3ry. Wi\u0119cej o lnie napisa\u0142am w specjalnym <a href=\"https:\/\/remediumbag.eu\/remediumwp\/len\/\" target=\"_blank\" rel=\"noopener\">wpisie<\/a>.<\/p>\n<hr \/>\n<h3>Kolekcja lnianych toreb<\/h3>\n<p>Torby lniane Remediumbag s\u0105 uszyte z grubego lnu, a w niekt\u00f3rych kolekcjach u\u017cywam r\u00f3wnie\u017c brezentu lnianego, gdzie gruby len jest dodatkowo zaimpregnowany.<\/p>\n<p>Ka\u017cda lniana torba w kolekcji po prostu ma dodatkow\u0105 mniejsz\u0105 kiesze\u0144 w \u015brodku. Przy tej kieszeni znajduj\u0105 si\u0119 te\u017c jedna lub dwa k\u00f3\u0142ka metolowe (w zale\u017cno\u015bci od modelu) do wpinania smyczy na klucze, czy saszetki z drobiazgami.<\/p>\n<p>Uszy torby uszyte s\u0105 r\u00f3wnie\u017c z tkaniny lnianej, przez co s\u0105 mi\u0119kkie i wygodne, a ca\u0142a torba nabiera sp\u00f3jnego minimalistycznego wygl\u0105du.<\/p>\n<h3>U\u017cytkowanie<\/h3>\n<p>Len mo\u017cna pra\u0107 w temperaturze do 40 stopni oraz prasowa\u0107 najwy\u017csz\u0105 temperatur\u0105 z par\u0105.<\/p>\n<p>\u017beby otrzyma\u0107 naturalny efekt gniecionego mi\u0119kkiego lnu nale\u017cy torb\u0119 wypra\u0107 i suszy\u0107 roz\u0142o\u017con\u0105, najlepiej na wietrze lub suszarce b\u0119bnowej na delikatnym programie.<\/p>\n<p>Je\u015bli chcemy , aby nasza torba by\u0142a bardziej g\u0142adka i sztywniejsza nale\u017cy j\u0105 po praniu wyprasowa\u0107, nawet na najwy\u017cszej temperaturze z par\u0105. Prasowanie jednak nie przyniesie efektu na sucho. Polecam metod\u0119 naszych babek: wypran\u0105, lekko wysuszon\u0105, ale jeszcze mokr\u0105 po ca\u0142o\u015bci tkanin\u0119, ciasno zwijamy w rulon, rozci\u0105gaj\u0105c w ten spos\u00f3b w\u0142\u00f3kna. W czasie rozwijania materia\u0142u dobrze go rozci\u0105gamy i prostujemy w r\u00f3\u017cnych kierunkach, chwytaj\u0105c za brzegi. Nast\u0119pnie rozk\u0142adamy na desce do prasowania i uwa\u017cnie prasujemy.<\/p>\n<h4>Na miasto, na spacer<\/h4>\n<p>Torba lniana to dobry wyb\u00f3r na wszystkie pory roku - \u015bwietnie si\u0119 spisze jako dodatkowa torba na zakupy, albo na spacer, lub latem, w\u0142a\u015bciwie do ka\u017cdej stylizacji. Taka torba jest ekologiczn\u0105 alternatyw\u0105 do materia\u0142owych prostych toreb na rami\u0119 szytych z konwencjonalnej bawe\u0142ny.<\/p>\n<p>&nbsp;<\/p>\n<\/div><\/div><\/div><div id=\"pgc-10660-0-1\"  class=\"panel-grid-cell\" ><div id=\"panel-10660-0-1-0\" class=\"so-panel widget widget_sow-image panel-first-child\" data-index=\"1\" ><div\n\t\t\t\n\t\t\tclass=\"so-widget-sow-image so-widget-sow-image-default-6ec9e3772f75-10660\"\n\t\t\t\n\t\t>\n\n<div class=\"sow-image-container\">\n\t\t\t<a href=\"http:\/\/remediumbag.eu\/remediumwp\/wp-content\/uploads\/2018\/12\/metka_len.jpg\" target=\"_blank\" rel=\"noopener noreferrer\">\n\t\t\t<img src=\"https:\/\/remediumbag.eu\/remediumwp\/wp-content\/uploads\/2018\/12\/metka_len.jpg\" width=\"576\" height=\"384\" srcset=\"https:\/\/remediumbag.eu\/remediumwp\/wp-content\/uploads\/2018\/12\/metka_len.jpg 576w, https:\/\/remediumbag.eu\/remediumwp\/wp-content\/uploads\/2018\/12\/metka_len-400x267.jpg 400w, https:\/\/remediumbag.eu\/remediumwp\/wp-content\/uploads\/2018\/12\/metka_len-272x182.jpg 272w\" sizes=\"(max-width: 576px) 100vw, 576px\" title=\"matka do kolekcji lnianej\" alt=\"kolekcja lniana - metka produktu\" \t\tclass=\"so-widget-image\"\/>\n\t<\/a><\/div>\n\n<\/div><\/div><div id=\"panel-10660-0-1-1\" class=\"so-panel widget widget_sow-image panel-last-child\" data-index=\"2\" ><div\n\t\t\t\n\t\t\tclass=\"so-widget-sow-image so-widget-sow-image-default-6ec9e3772f75-10660\"\n\t\t\t\n\t\t>\n\n<div class=\"sow-image-container\">\n\t\t\t<a href=\"http:\/\/remediumbag.eu\/remediumwp\/wp-content\/uploads\/2018\/12\/metka_len.jpg\" target=\"_blank\" rel=\"noopener noreferrer\">\n\t\t\t<img src=\"https:\/\/remediumbag.eu\/remediumwp\/wp-content\/uploads\/2021\/03\/IMG_8393-scaled.jpg\" width=\"1365\" height=\"2048\" srcset=\"https:\/\/remediumbag.eu\/remediumwp\/wp-content\/uploads\/2021\/03\/IMG_8393-scaled.jpg 1365w, https:\/\/remediumbag.eu\/remediumwp\/wp-content\/uploads\/2021\/03\/IMG_8393-533x800.jpg 533w, https:\/\/remediumbag.eu\/remediumwp\/wp-content\/uploads\/2021\/03\/IMG_8393-1000x1500.jpg 1000w, https:\/\/remediumbag.eu\/remediumwp\/wp-content\/uploads\/2021\/03\/IMG_8393-768x1152.jpg 768w, https:\/\/remediumbag.eu\/remediumwp\/wp-content\/uploads\/2021\/03\/IMG_8393-1024x1536.jpg 1024w, https:\/\/remediumbag.eu\/remediumwp\/wp-content\/uploads\/2021\/03\/IMG_8393-400x600.jpg 400w, https:\/\/remediumbag.eu\/remediumwp\/wp-content\/uploads\/2021\/03\/IMG_8393-1200x1800.jpg 1200w\" sizes=\"(max-width: 1365px) 100vw, 1365px\" title=\"IMG_8393\" alt=\"newsletter - torby lniane, naturalne, tutaj - czarna lniana torba\" \t\tclass=\"so-widget-image\"\/>\n\t<\/a><\/div>\n\n<\/div><\/div><\/div><\/div><div id=\"pg-10660-1\"  class=\"panel-grid panel-no-style\" ><div id=\"pgc-10660-1-0\"  class=\"panel-grid-cell\" ><div id=\"panel-10660-1-0-0\" class=\"so-panel widget widget_black-studio-tinymce widget_black_studio_tinymce panel-first-child panel-last-child\" data-index=\"3\" ><div class=\"textwidget\"><div>\n<hr \/>\n<\/div>\n<div>Remediumbag jest mark\u0105 wega\u0144sk\u0105 - wszystkie torby i akcesoria wykonane s\u0105 z materia\u0142\u00f3w naturalnych lub alternatywnych do sk\u00f3ry. Sklep jest na oficjalnej li\u015bcie\u00a0<a href=\"https:\/\/www.otwarteklatki.pl\/sklepy-wolne-od-futer\" target=\"_blank\" rel=\"noopener\">Sklep\u00f3w wolnych od futer<\/a>\u00a0w ramach akcji Stowarzyszenia\u00a0Otwarte Klatki.<\/div>\n<div>Jednocze\u015bnie Remediumbag znajduje si\u0119 na mi\u0119dzynarodowej li\u015bcie dla marek i projektant\u00f3w - Fur Free Retailers.\u00a0 Znajduje si\u0119 ona\u00a0<a href=\"https:\/\/furfreeretailer.com\/\" target=\"_blank\" rel=\"noopener\" data-saferedirecturl=\"https:\/\/www.google.com\/url?q=https:\/\/furfreeretailer.com\/&amp;source=gmail&amp;ust=1614701624464000&amp;usg=AFQjCNEwLnrtsvLyOh2m2IcxVpjZhCfFbg\">tutaj<\/a>.<\/div>\n<div>\n<hr \/>\n<\/div>\n<div>Przy zapisie na Newsletter, kt\u00f3ry wysy\u0142am raz w miesi\u0105cu, przesy\u0142am aktywny kupon na pierwsze\u00a0<a href=\"https:\/\/remediumbag.eu\/remediumwp\/newsletter-remediumbag-2019\/\" target=\"_blank\" rel=\"noopener\">zakupy ze zni\u017ck\u0105 -15%<\/a>. Pisz\u0119 nie tylko o nowo\u015bciach w sklepie, zapowiedziach kolekcji, ale r\u00f3wnie\u017c o tym, co ciekawego s\u0142ycha\u0107 w \u015bwiecie odpowiedzialnej mody. Zapraszam!<\/div>\n<\/div><\/div><\/div><div id=\"pgc-10660-1-1\"  class=\"panel-grid-cell\" ><div id=\"panel-10660-1-1-0\" class=\"so-panel widget widget_sow-image panel-first-child panel-last-child\" data-index=\"4\" ><div\n\t\t\t\n\t\t\tclass=\"so-widget-sow-image so-widget-sow-image-default-6ec9e3772f75-10660\"\n\t\t\t\n\t\t>\n\n<div class=\"sow-image-container\">\n\t\t\t<a href=\"http:\/\/remediumbag.eu\/remediumwp\/wp-content\/uploads\/2018\/12\/metka_len.jpg\" target=\"_blank\" rel=\"noopener noreferrer\">\n\t\t\t<img src=\"https:\/\/remediumbag.eu\/remediumwp\/wp-content\/uploads\/2021\/03\/FFR_Logo_HR_PL3.png\" width=\"827\" height=\"827\" srcset=\"https:\/\/remediumbag.eu\/remediumwp\/wp-content\/uploads\/2021\/03\/FFR_Logo_HR_PL3.png 827w, https:\/\/remediumbag.eu\/remediumwp\/wp-content\/uploads\/2021\/03\/FFR_Logo_HR_PL3-400x400.png 400w, https:\/\/remediumbag.eu\/remediumwp\/wp-content\/uploads\/2021\/03\/FFR_Logo_HR_PL3-800x800.png 800w, https:\/\/remediumbag.eu\/remediumwp\/wp-content\/uploads\/2021\/03\/FFR_Logo_HR_PL3-150x150.png 150w, https:\/\/remediumbag.eu\/remediumwp\/wp-content\/uploads\/2021\/03\/FFR_Logo_HR_PL3-768x768.png 768w, https:\/\/remediumbag.eu\/remediumwp\/wp-content\/uploads\/2021\/03\/FFR_Logo_HR_PL3-60x60.png 60w, https:\/\/remediumbag.eu\/remediumwp\/wp-content\/uploads\/2021\/03\/FFR_Logo_HR_PL3-100x100.png 100w\" sizes=\"(max-width: 827px) 100vw, 827px\" alt=\"sklep wolny od futer - logo akcji Sklepy wolne od futer stowarzyszenia Otwarte Klatki\" class=\"so-widget-image\" title=\"\">\n\t<\/a><\/div>\n\n<\/div><\/div><\/div><\/div><\/div>","protected":false},"excerpt":{"rendered":"<p>Prosta torba lniana w kolorze czarnym o odcieniu lekko grafitowym. Len ten jest produkcji polskiej. Len jest materia\u0142em ekologicznym i alternatyw\u0105 do konwencjonalnej bawe\u0142ny.<\/p>\n<p>Torba lniana jest jest wykonana z tkaniny o grubym wyrazistym p\u0142\u00f3ciennym splocie.<\/p>\n<p>Rozmiary torby to szeroko\u015b\u0107: 47 cm., wysoko\u015b\u0107 43 cm., szeroko\u015b\u0107 dna i boku oko\u0142o 8 cm.<\/p>\n<p>Wewn\u0119trzna kiesze\u0144 o g\u0142\u0119boko\u015bci 21 cm. i szeroko\u015bci oko\u0142o 34 cm.<\/p>\n<p>Dwa k\u00f3\u0142ka metalowe do wpinania smyczy na klucze, czy saszetki na dokumenty<\/p>\n<p>D\u0142ugo\u015b\u0107 uchwyt\u00f3w 70 cm.<\/p>\n<p>Wysoko\u015b\u0107 torby zawieszonej, czyli wysoko\u015b\u0107 torby razem z uchwytem to oko\u0142o 78 cm.<\/p>\n<p>\u017beby przekona\u0107 si\u0119, czy rozmiar torby nam odpowiada, najlepiej zmierzy\u0107 kilka toreb w domu, np. klasyczn\u0105 torb\u0119 na zakupy.<\/p>\n<p>Zalecam pra\u0107 w temperaturze 40 stopni. Mo\u017cna prasowa\u0107 \u0142\u0105cznie z k\u00f3\u0142kami. Mo\u017cna suszy\u0107 w suszarce mechanicznej &#8211; program delikatny, ale podczas takiego suszenia mo\u017ce si\u0119 delikatnie skurczy\u0107. Tkanina by\u0142a wcze\u015bniej dekatyzowana, dlatego efekt ten b\u0119dzie jednorazowy i torba b\u0119dzie mia\u0142a takie same rozmiary po lekkim naci\u0105gni\u0119ciu na mokro, lub wyprasowaniu.<\/p>\n<p>&nbsp;<\/p>\n","protected":false},"featured_media":10662,"template":"","meta":{"kt_blocks_editor_width":""},"product_cat":[226,187,164],"product_tag":[148,162,167],"amp_enabled":true,"_links":{"self":[{"href":"https:\/\/remediumbag.eu\/remediumwp\/wp-json\/wp\/v2\/product\/10660"}],"collection":[{"href":"https:\/\/remediumbag.eu\/remediumwp\/wp-json\/wp\/v2\/product"}],"about":[{"href":"https:\/\/remediumbag.eu\/remediumwp\/wp-json\/wp\/v2\/types\/product"}],"wp:featuredmedia":[{"embeddable":true,"href":"https:\/\/remediumbag.eu\/remediumwp\/wp-json\/wp\/v2\/media\/10662"}],"wp:attachment":[{"href":"https:\/\/remediumbag.eu\/remediumwp\/wp-json\/wp\/v2\/media?parent=10660"}],"wp:term":[{"taxonomy":"product_cat","embeddable":true,"href":"https:\/\/remediumbag.eu\/remediumwp\/wp-json\/wp\/v2\/product_cat?post=10660"},{"taxonomy":"product_tag","embeddable":true,"href":"https:\/\/remediumbag.eu\/remediumwp\/wp-json\/wp\/v2\/product_tag?post=10660"}],"curies":[{"name":"wp","href":"https:\/\/api.w.org\/{rel}","templated":true}]}}

<div id="pl-10660"  class="panel-layout" ><div id="pg-10660-0"  class="panel-grid panel-no-style" ><div id="pgc-10660-0-0"  class="panel-grid-cell" ><div id="panel-10660-0-0-0" class="so-panel widget widget_black-studio-tinymce widget_black_studio_tinymce panel-first-child panel-last-child" data-index="0" ><div class="textwidget"><h3>Torba lniana czarna po prostu</h3>
<p>Torba lniana wykonana z tkaniny produkcji polskiej. Jest to duża torba na ramię z dwoma dość długimi uchwytami, również lnianymi. Torba jest trochę większa od tradycyjnych materiałowych toreb na zakupy i ma poszerzane dno i boki. Dno jest lekko sztywniejsze i mocniejsze dzięki dodatkowym warstwom materiału.</p>
<h3>Len</h3>
<p>Naturalny len jest tkaniną alternatywną do konwencjonalnej bawełny. Ma wiele wspaniałych właściwości - latem chłodzi, zimą, grubsze wersje lnu komfortowo otulają, ale nie przegrzewają. Len jest również antybakteryjny i przyjazny dla skóry. Więcej o lnie napisałam w specjalnym <a href="https://remediumbag.eu/remediumwp/len/" target="_blank" rel="noopener">wpisie</a>.</p>
<hr />
<h3>Kolekcja lnianych toreb</h3>
<p>Torby lniane Remediumbag są uszyte z grubego lnu, a w niektórych kolekcjach używam również brezentu lnianego, gdzie gruby len jest dodatkowo zaimpregnowany.</p>
<p>Każda lniana torba w kolekcji po prostu ma dodatkową mniejszą kieszeń w środku. Przy tej kieszeni znajdują się też jedna lub dwa kółka metolowe (w zależności od modelu) do wpinania smyczy na klucze, czy saszetki z drobiazgami.</p>
<p>Uszy torby uszyte są również z tkaniny lnianej, przez co są miękkie i wygodne, a cała torba nabiera spójnego minimalistycznego wyglądu.</p>
<h3>Użytkowanie</h3>
<p>Len można prać w temperaturze do 40 stopni oraz prasować najwyższą temperaturą z parą.</p>
<p>Żeby otrzymać naturalny efekt gniecionego miękkiego lnu należy torbę wyprać i suszyć rozłożoną, najlepiej na wietrze lub suszarce bębnowej na delikatnym programie.</p>
<p>Jeśli chcemy , aby nasza torba była bardziej gładka i sztywniejsza należy ją po praniu wyprasować, nawet na najwyższej temperaturze z parą. Prasowanie jednak nie przyniesie efektu na sucho. Polecam metodę naszych babek: wypraną, lekko wysuszoną, ale jeszcze mokrą po całości tkaninę, ciasno zwijamy w rulon, rozciągając w ten sposób włókna. W czasie rozwijania materiału dobrze go rozciągamy i prostujemy w różnych kierunkach, chwytając za brzegi. Następnie rozkładamy na desce do prasowania i uważnie prasujemy.</p>
<h4>Na miasto, na spacer</h4>
<p>Torba lniana to dobry wybór na wszystkie pory roku - świetnie się spisze jako dodatkowa torba na zakupy, albo na spacer, lub latem, właściwie do każdej stylizacji. Taka torba jest ekologiczną alternatywą do materiałowych prostych toreb na ramię szytych z konwencjonalnej bawełny.</p>
<p>&nbsp;</p>
</div></div></div><div id="pgc-10660-0-1"  class="panel-grid-cell" ><div id="panel-10660-0-1-0" class="so-panel widget widget_sow-image panel-first-child" data-index="1" ><div
			
			class="so-widget-sow-image so-widget-sow-image-default-6ec9e3772f75-10660"
			
		>

<div class="sow-image-container">
			<a href="http://remediumbag.eu/remediumwp/wp-content/uploads/2018/12/metka_len.jpg" target="_blank" rel="noopener noreferrer">
			<img src="https://remediumbag.eu/remediumwp/wp-content/uploads/2018/12/metka_len.jpg" width="576" height="384" srcset="https://remediumbag.eu/remediumwp/wp-content/uploads/2018/12/metka_len.jpg 576w, https://remediumbag.eu/remediumwp/wp-content/uploads/2018/12/metka_len-400x267.jpg 400w, https://remediumbag.eu/remediumwp/wp-content/uploads/2018/12/metka_len-272x182.jpg 272w" sizes="(max-width: 576px) 100vw, 576px" title="matka do kolekcji lnianej" alt="kolekcja lniana - metka produktu" 		class="so-widget-image"/>
	</a></div>

</div></div><div id="panel-10660-0-1-1" class="so-panel widget widget_sow-image panel-last-child" data-index="2" ><div
			
			class="so-widget-sow-image so-widget-sow-image-default-6ec9e3772f75-10660"
			
		>

<div class="sow-image-container">
			<a href="http://remediumbag.eu/remediumwp/wp-content/uploads/2018/12/metka_len.jpg" target="_blank" rel="noopener noreferrer">
			<img src="https://remediumbag.eu/remediumwp/wp-content/uploads/2021/03/IMG_8393-scaled.jpg" width="1365" height="2048" srcset="https://remediumbag.eu/remediumwp/wp-content/uploads/2021/03/IMG_8393-scaled.jpg 1365w, https://remediumbag.eu/remediumwp/wp-content/uploads/2021/03/IMG_8393-533x800.jpg 533w, https://remediumbag.eu/remediumwp/wp-content/uploads/2021/03/IMG_8393-1000x1500.jpg 1000w, https://remediumbag.eu/remediumwp/wp-content/uploads/2021/03/IMG_8393-768x1152.jpg 768w, https://remediumbag.eu/remediumwp/wp-content/uploads/2021/03/IMG_8393-1024x1536.jpg 1024w, https://remediumbag.eu/remediumwp/wp-content/uploads/2021/03/IMG_8393-400x600.jpg 400w, https://remediumbag.eu/remediumwp/wp-content/uploads/2021/03/IMG_8393-1200x1800.jpg 1200w" sizes="(max-width: 1365px) 100vw, 1365px" title="IMG_8393" alt="newsletter - torby lniane, naturalne, tutaj - czarna lniana torba" 		class="so-widget-image"/>
	</a></div>

</div></div></div></div><div id="pg-10660-1"  class="panel-grid panel-no-style" ><div id="pgc-10660-1-0"  class="panel-grid-cell" ><div id="panel-10660-1-0-0" class="so-panel widget widget_black-studio-tinymce widget_black_studio_tinymce panel-first-child panel-last-child" data-index="3" ><div class="textwidget"><div>
<hr />
</div>
<div>Remediumbag jest marką wegańską - wszystkie torby i akcesoria wykonane są z materiałów naturalnych lub alternatywnych do skóry. Sklep jest na oficjalnej liście <a href="https://www.otwarteklatki.pl/sklepy-wolne-od-futer" target="_blank" rel="noopener">Sklepów wolnych od futer</a> w ramach akcji Stowarzyszenia Otwarte Klatki.</div>
<div>Jednocześnie Remediumbag znajduje się na międzynarodowej liście dla marek i projektantów - Fur Free Retailers.  Znajduje się ona <a href="https://furfreeretailer.com/" target="_blank" rel="noopener" data-saferedirecturl="https://www.google.com/url?q=https://furfreeretailer.com/&amp;source=gmail&amp;ust=1614701624464000&amp;usg=AFQjCNEwLnrtsvLyOh2m2IcxVpjZhCfFbg">tutaj</a>.</div>
<div>
<hr />
</div>
<div>Przy zapisie na Newsletter, który wysyłam raz w miesiącu, przesyłam aktywny kupon na pierwsze <a href="https://remediumbag.eu/remediumwp/newsletter-remediumbag-2019/" target="_blank" rel="noopener">zakupy ze zniżką -15%</a>. Piszę nie tylko o nowościach w sklepie, zapowiedziach kolekcji, ale również o tym, co ciekawego słychać w świecie odpowiedzialnej mody. Zapraszam!</div>
</div></div></div><div id="pgc-10660-1-1"  class="panel-grid-cell" ><div id="panel-10660-1-1-0" class="so-panel widget widget_sow-image panel-first-child panel-last-child" data-index="4" ><div
			
			class="so-widget-sow-image so-widget-sow-image-default-6ec9e3772f75-10660"
			
		>

<div class="sow-image-container">
			<a href="http://remediumbag.eu/remediumwp/wp-content/uploads/2018/12/metka_len.jpg" target="_blank" rel="noopener noreferrer">
			<img src="https://remediumbag.eu/remediumwp/wp-content/uploads/2021/03/FFR_Logo_HR_PL3.png" width="827" height="827" srcset="https://remediumbag.eu/remediumwp/wp-content/uploads/2021/03/FFR_Logo_HR_PL3.png 827w, https://remediumbag.eu/remediumwp/wp-content/uploads/2021/03/FFR_Logo_HR_PL3-400x400.png 400w, https://remediumbag.eu/remediumwp/wp-content/uploads/2021/03/FFR_Logo_HR_PL3-800x800.png 800w, https://remediumbag.eu/remediumwp/wp-content/uploads/2021/03/FFR_Logo_HR_PL3-150x150.png 150w, https://remediumbag.eu/remediumwp/wp-content/uploads/2021/03/FFR_Logo_HR_PL3-768x768.png 768w, https://remediumbag.eu/remediumwp/wp-content/uploads/2021/03/FFR_Logo_HR_PL3-60x60.png 60w, https://remediumbag.eu/remediumwp/wp-content/uploads/2021/03/FFR_Logo_HR_PL3-100x100.png 100w" sizes="(max-width: 827px) 100vw, 827px" alt="sklep wolny od futer - logo akcji Sklepy wolne od futer stowarzyszenia Otwarte Klatki" class="so-widget-image" title="">
	</a></div>

</div></div></div></div></div>

<p>Prosta torba lniana w kolorze czarnym o odcieniu lekko grafitowym. Len ten jest produkcji polskiej. Len jest materiałem ekologicznym i alternatywą do konwencjonalnej bawełny.</p>
<p>Torba lniana jest jest wykonana z tkaniny o grubym wyrazistym płóciennym splocie.</p>
<p>Rozmiary torby to szerokość: 47 cm., wysokość 43 cm., szerokość dna i boku około 8 cm.</p>
<p>Wewnętrzna kieszeń o głębokości 21 cm. i szerokości około 34 cm.</p>
<p>Dwa kółka metalowe do wpinania smyczy na klucze, czy saszetki na dokumenty</p>
<p>Długość uchwytów 70 cm.</p>
<p>Wysokość torby zawieszonej, czyli wysokość torby razem z uchwytem to około 78 cm.</p>
<p>Żeby przekonać się, czy rozmiar torby nam odpowiada, najlepiej zmierzyć kilka toreb w domu, np. klasyczną torbę na zakupy.</p>
<p>Zalecam prać w temperaturze 40 stopni. Można prasować łącznie z kółkami. Można suszyć w suszarce mechanicznej &#8211; program delikatny, ale podczas takiego suszenia może się delikatnie skurczyć. Tkanina była wcześniej dekatyzowana, dlatego efekt ten będzie jednorazowy i torba będzie miała takie same rozmiary po lekkim naciągnięciu na mokro, lub wyprasowaniu.</p>
<p>&nbsp;</p>
