{"id":11076,"date":"2021-11-22T21:22:11","date_gmt":"2021-11-22T20:22:11","guid":{"rendered":"https:\/\/remediumbag.eu\/remediumwp\/?post_type=product&#038;p=11076"},"modified":"2023-02-14T11:29:44","modified_gmt":"2023-02-14T10:29:44","slug":"torba-plecak-jak-z-papieru-kawowa","status":"publish","type":"product","link":"https:\/\/remediumbag.eu\/remediumwp\/sklep\/torba-plecak-jak-z-papieru-kawowa\/","title":{"rendered":"Torba plecak jak z papieru kawowa"},"content":{"rendered":"<div id=\"pl-11076\"  class=\"panel-layout\" ><div id=\"pg-11076-0\"  class=\"panel-grid panel-no-style\" ><div id=\"pgc-11076-0-0\"  class=\"panel-grid-cell\" ><div id=\"panel-11076-0-0-0\" class=\"so-panel widget widget_black-studio-tinymce widget_black_studio_tinymce panel-first-child panel-last-child\" data-index=\"0\" ><div class=\"textwidget\"><h3>Torba plecak jak z papieru<\/h3>\n<p>Torba i plecak w jednym wykonana ze specjalnego materia\u0142u z celulozy. Jest to sporej wielko\u015bci torba na rami\u0119 z dwoma bawe\u0142nianymi uchwytami. Dzi\u0119ki sprytnemu mocowaniu uchwyt\u00f3w bardzo szybko i bez przepinania zmienimy torb\u0119 na plecak - w\u0142a\u015bciwie w jednej chwili. Doskona\u0142e rozwi\u0105zanie dla mi\u0142o\u015bniczek minimalizmu i praktycznych rozwi\u0105za\u0144<\/p>\n<p>Tkanina papierowa jest gruba - mo\u017cna\u00a0 j\u0105 por\u00f3wna\u0107 z grubo\u015bci\u0105 tradycyjnego, papierowego brystolu. Papier do szycia mo\u017cna te\u017c pra\u0107. Po ka\u017cdym praniu i przy d\u0142ugim u\u017cytkowaniu papier stopniowo nabiera mi\u0119kko\u015bci i zagniece\u0144 - materia\u0142 nabiera wygl\u0105du mocno pogniecionej kartki.<\/p>\n<p>&nbsp;<\/p>\n<h4>\u017bycie produktu<\/h4>\n<p>&nbsp;<\/p>\n<p>Torby z Washpapy mo\u017cna pra\u0107 i prasowa\u0107. Z czasem materia\u0142 jest coraz bardziej mi\u0119kki i nabiera faktury sk\u00f3ry. Zagniecenia pozostaj\u0105 i s\u0105 naturalnym procesem. Mo\u017cna normalnie u\u017cytkowa\u0107, ale lepiej nie przeci\u0105\u017ca\u0107 torby. Przy bardzo widocznym zu\u017cyciu materia\u0142u (w mojej ocenie takie zu\u017cycie, zwi\u0105zane np. z nadwyr\u0119\u017ceniem pask\u00f3w i naderwaniem przypadkowym materia\u0142u) mo\u017cna\u00a0 tak\u0105 torb\u0119 przerobi\u0107 i wykona\u0107 praktyczny pojemnik do u\u017cytku i ozdoby w domu. Proste kroje sprzyjaj\u0105 takim przer\u00f3bkom. Przepis na pranie dla ostro\u017cnych w <a href=\"https:\/\/remediumbag.eu\/remediumwp\/papier-do-szycia-instrukcja-obslugi\/\">osobnym artykule<\/a>.<\/p>\n<p>&nbsp;<\/p>\n<h4>Na miasto, na spacer<\/h4>\n<p>Torba z funkcj\u0105 plecak, czy plecak z funkcj\u0105 torby? W ka\u017cdym przypadku to dobry wyb\u00f3r na wszystkie pory roku - \u015bwietnie si\u0119 spisze na rower, do pracy - dzi\u0119ki prostej, praktycznej formie, czy na zakupy, albo spacer. Taka torba jest ekologiczn\u0105 alternatyw\u0105 do sk\u00f3rzanych prostych toreb na rami\u0119, czy te\u017c tych, z nieekologicznej sk\u00f3ry syntetycznej.<\/p>\n<p>&nbsp;<\/p>\n<\/div><\/div><\/div><div id=\"pgc-11076-0-1\"  class=\"panel-grid-cell\" ><div id=\"panel-11076-0-1-0\" class=\"so-panel widget widget_sow-image panel-first-child\" data-index=\"1\" ><div\n\t\t\t\n\t\t\tclass=\"so-widget-sow-image so-widget-sow-image-default-6ec9e3772f75-11076\"\n\t\t\t\n\t\t>\n\n<div class=\"sow-image-container\">\n\t\t\t<a href=\"https:\/\/remediumbag.eu\/remediumwp\/wp-content\/uploads\/2021\/11\/washpapa-metka.jpg\"\n\t\t\ttarget=\"_blank\" rel=\"noopener noreferrer\" \t\t>\n\t\t\t<img src=\"https:\/\/remediumbag.eu\/remediumwp\/wp-content\/uploads\/2021\/11\/washpapa-metka.jpg\" width=\"1800\" height=\"1200\" srcset=\"https:\/\/remediumbag.eu\/remediumwp\/wp-content\/uploads\/2021\/11\/washpapa-metka.jpg 1800w, https:\/\/remediumbag.eu\/remediumwp\/wp-content\/uploads\/2021\/11\/washpapa-metka-800x533.jpg 800w, https:\/\/remediumbag.eu\/remediumwp\/wp-content\/uploads\/2021\/11\/washpapa-metka-1500x1000.jpg 1500w, https:\/\/remediumbag.eu\/remediumwp\/wp-content\/uploads\/2021\/11\/washpapa-metka-768x512.jpg 768w, https:\/\/remediumbag.eu\/remediumwp\/wp-content\/uploads\/2021\/11\/washpapa-metka-1536x1024.jpg 1536w, https:\/\/remediumbag.eu\/remediumwp\/wp-content\/uploads\/2021\/11\/washpapa-metka-400x267.jpg 400w, https:\/\/remediumbag.eu\/remediumwp\/wp-content\/uploads\/2021\/11\/washpapa-metka-1200x800.jpg 1200w, https:\/\/remediumbag.eu\/remediumwp\/wp-content\/uploads\/2021\/11\/washpapa-metka-272x182.jpg 272w\" sizes=\"(max-width: 1800px) 100vw, 1800px\" title=\"washpapa metka\" alt=\"metka papier washpapa\" \t\tclass=\"so-widget-image\"\/>\n\t<\/a><\/div>\n\n<\/div><\/div><div id=\"panel-11076-0-1-1\" class=\"so-panel widget widget_sow-image panel-last-child\" data-index=\"2\" ><div\n\t\t\t\n\t\t\tclass=\"so-widget-sow-image so-widget-sow-image-default-6ec9e3772f75-11076\"\n\t\t\t\n\t\t>\n\n<div class=\"sow-image-container\">\n\t\t<img src=\"https:\/\/remediumbag.eu\/remediumwp\/wp-content\/uploads\/2021\/11\/27.png\" width=\"1080\" height=\"1080\" srcset=\"https:\/\/remediumbag.eu\/remediumwp\/wp-content\/uploads\/2021\/11\/27.png 1080w, https:\/\/remediumbag.eu\/remediumwp\/wp-content\/uploads\/2021\/11\/27-800x800.png 800w, https:\/\/remediumbag.eu\/remediumwp\/wp-content\/uploads\/2021\/11\/27-150x150.png 150w, https:\/\/remediumbag.eu\/remediumwp\/wp-content\/uploads\/2021\/11\/27-768x768.png 768w, https:\/\/remediumbag.eu\/remediumwp\/wp-content\/uploads\/2021\/11\/27-60x60.png 60w, https:\/\/remediumbag.eu\/remediumwp\/wp-content\/uploads\/2021\/11\/27-400x400.png 400w, https:\/\/remediumbag.eu\/remediumwp\/wp-content\/uploads\/2021\/11\/27-100x100.png 100w\" sizes=\"(max-width: 1080px) 100vw, 1080px\" title=\"plecak torba\" alt=\"plecak i torba jak z papieru -kolekcja Bezdro\u017ca\" \t\tclass=\"so-widget-image\"\/>\n\t<\/div>\n\n<\/div><\/div><\/div><\/div><div id=\"pg-11076-1\"  class=\"panel-grid panel-no-style\" ><div id=\"pgc-11076-1-0\"  class=\"panel-grid-cell\" ><div id=\"panel-11076-1-0-0\" class=\"so-panel widget widget_black-studio-tinymce widget_black_studio_tinymce panel-first-child panel-last-child\" data-index=\"3\" ><div class=\"textwidget\"><div>\n<hr \/>\n<\/div>\n<div>Remediumbag jest mark\u0105 wega\u0144sk\u0105 - wszystkie torby i akcesoria wykonane s\u0105 z materia\u0142\u00f3w naturalnych lub alternatywnych do sk\u00f3ry. Sklep jest na oficjalnej li\u015bcie\u00a0<a href=\"https:\/\/www.otwarteklatki.pl\/sklepy-wolne-od-futer\" target=\"_blank\" rel=\"noopener\">Sklep\u00f3w wolnych od futer<\/a>\u00a0w ramach akcji Stowarzyszenia\u00a0Otwarte Klatki.<\/div>\n<div>Jednocze\u015bnie Remediumbag znajduje si\u0119 na mi\u0119dzynarodowej li\u015bcie dla marek i projektant\u00f3w - Fur Free Retailers.\u00a0 Znajduje si\u0119 ona\u00a0<a href=\"https:\/\/furfreeretailer.com\/\" target=\"_blank\" rel=\"noopener\" data-saferedirecturl=\"https:\/\/www.google.com\/url?q=https:\/\/furfreeretailer.com\/&amp;source=gmail&amp;ust=1614701624464000&amp;usg=AFQjCNEwLnrtsvLyOh2m2IcxVpjZhCfFbg\">tutaj<\/a>.<\/div>\n<div>\n<hr \/>\n<\/div>\n<div>Przy zapisie na Newsletter, kt\u00f3ry wysy\u0142am raz w miesi\u0105cu, przesy\u0142am aktywny kupon na pierwsze\u00a0<a href=\"https:\/\/remediumbag.eu\/remediumwp\/newsletter-remediumbag-2019\/\" target=\"_blank\" rel=\"noopener\">zakupy ze zni\u017ck\u0105 -15%<\/a>. Pisz\u0119 nie tylko o nowo\u015bciach w sklepie, zapowiedziach kolekcji, ale r\u00f3wnie\u017c o tym, co ciekawego s\u0142ycha\u0107 w \u015bwiecie odpowiedzialnej mody. Zapraszam!<\/div>\n<div>\n<hr \/>\n<p>\t\t\t<div id=\"rank-math-rich-snippet-wrapper\" class=\"\">\n\n\t\t\t\t\t\t<h5 class=\"rank-math-title\"><\/h5>\n\t\t\t\t<div class=\"rank-math-review-image\">\n\t\t\t<img src=\"https:\/\/remediumbag.eu\/remediumwp\/wp-content\/uploads\/2021\/11\/IMG_9301-573x800.jpg\" alt=\"-\" title=\"\">\n\t\t<\/div>\n\t\t<div class=\"rank-math-review-data\">\n\n\t\t\t<p>Torba plecak jak z papieru - specjalna minimalistyczna konstrukcja uchwyt\u00f3w, kt\u00f3re b\u0142yskawicznie zamieniaj\u0105 si\u0119 w szelki plecaka i zapewniaj\u0105 zamkni\u0119cie klapki torby. Specjalny papier do szycia.<\/p>\n\t\t\n\t\t\t<p>\n\t\t\t<strong>SKU produktu: <\/strong>\n\t\t\t90-3\t\t<\/p>\n\t\t\n\t\t\t<p>\n\t\t\t<strong>Marka produktu: <\/strong>\n\t\t\tRemediumbag\t\t<\/p>\n\t\t\n\t\t\t<p>\n\t\t\t<strong>Waluta produktu: <\/strong>\n\t\t\tPLN\t\t<\/p>\n\t\t\n\t\t\t<p>\n\t\t\t<strong>Cena produktu: <\/strong>\n\t\t\t150\t\t<\/p>\n\t\t\n\t\n\t\t\t<p>\n\t\t\t<strong>Produkt w magazynie: <\/strong>\n\t\t\tInStock\t\t<\/p>\n\t\t\n\t\n<\/div>\n\n\t\t\t<\/div>\n\t\t<\/p><\/div>\n<\/div><\/div><\/div><div id=\"pgc-11076-1-1\"  class=\"panel-grid-cell\" ><div id=\"panel-11076-1-1-0\" class=\"so-panel widget widget_sow-image panel-first-child panel-last-child\" data-index=\"4\" ><div\n\t\t\t\n\t\t\tclass=\"so-widget-sow-image so-widget-sow-image-default-6ec9e3772f75-11076\"\n\t\t\t\n\t\t>\n\n<div class=\"sow-image-container\">\n\t\t\t<a href=\"http:\/\/remediumbag.eu\/remediumwp\/wp-content\/uploads\/2018\/12\/metka_len.jpg\" target=\"_blank\" rel=\"noopener noreferrer\">\n\t\t\t<img src=\"https:\/\/remediumbag.eu\/remediumwp\/wp-content\/uploads\/2021\/03\/FFR_Logo_HR_PL3.png\" width=\"827\" height=\"827\" srcset=\"https:\/\/remediumbag.eu\/remediumwp\/wp-content\/uploads\/2021\/03\/FFR_Logo_HR_PL3.png 827w, https:\/\/remediumbag.eu\/remediumwp\/wp-content\/uploads\/2021\/03\/FFR_Logo_HR_PL3-400x400.png 400w, https:\/\/remediumbag.eu\/remediumwp\/wp-content\/uploads\/2021\/03\/FFR_Logo_HR_PL3-800x800.png 800w, https:\/\/remediumbag.eu\/remediumwp\/wp-content\/uploads\/2021\/03\/FFR_Logo_HR_PL3-150x150.png 150w, https:\/\/remediumbag.eu\/remediumwp\/wp-content\/uploads\/2021\/03\/FFR_Logo_HR_PL3-768x768.png 768w, https:\/\/remediumbag.eu\/remediumwp\/wp-content\/uploads\/2021\/03\/FFR_Logo_HR_PL3-60x60.png 60w, https:\/\/remediumbag.eu\/remediumwp\/wp-content\/uploads\/2021\/03\/FFR_Logo_HR_PL3-100x100.png 100w\" sizes=\"(max-width: 827px) 100vw, 827px\" alt=\"sklep wolny od futer - logo akcji Sklepy wolne od futer stowarzyszenia Otwarte Klatki\" class=\"so-widget-image\" title=\"\">\n\t<\/a><\/div>\n\n<\/div><\/div><\/div><\/div><\/div>","protected":false},"excerpt":{"rendered":"<h4>Torba plecak z papieru w kolorze bia\u0142ej kawy<\/h4>\n<p>Jest to model \u015bredniej wielko\u015bci torby miejskiej i na bezdro\u017ca na ka\u017cd\u0105 por\u0119 roku:<\/p>\n<ul>\n<li>torebka na rami\u0119 lub plecak w kolorze kawowym \u2013 matowa br\u0105z papieru w ciep\u0142ym odcieniu kawy z mlekiem<\/li>\n<li>wykonana ze specjalnego papieru do szycia, kt\u00f3ry mo\u017cna pra\u0107 i prasowa\u0107<\/li>\n<li>pojemna przestrze\u0144 w komorze g\u0142\u00f3wnej, &#8220;rolowana&#8221; g\u00f3ra<\/li>\n<li>wygodny podw\u00f3jny uchwyt z czarnej ta\u015bmy bawe\u0142nianej z mo\u017cliwo\u015bci\u0105 szybkiej zmiany na szelki plecaka (bez przepinania)<\/li>\n<li>zewn\u0119trzna kiesze\u0144<\/li>\n<li>wpinana smycz na klucze<\/li>\n<li>saszetka na telefon i dokumenty, ze szlufk\u0105 na pasek (funkcja nerki)<\/li>\n<li>przybli\u017cone rozmiary torby: szeroko\u015b\u0107 oko\u0142o 35 cm., wysoko\u015b\u0107 oko\u0142o 45 cm., szeroko\u015b\u0107 boku oko\u0142o 7 cm.<\/li>\n<li>materia\u0142 papierowy \u2013 Washpapa \u2013 wyprodukowano w Niemczech<\/li>\n<li>bawe\u0142niana ta\u015bma produkcji czeskiej<\/li>\n<li>torba z papieru jest wega\u0144ska zaprojektowana i uszyta w \u0141odzi<\/li>\n<\/ul>\n","protected":false},"featured_media":11077,"template":"","meta":{"kt_blocks_editor_width":""},"product_cat":[165,361],"product_tag":[166,362,147,167,163],"amp_enabled":true,"_links":{"self":[{"href":"https:\/\/remediumbag.eu\/remediumwp\/wp-json\/wp\/v2\/product\/11076"}],"collection":[{"href":"https:\/\/remediumbag.eu\/remediumwp\/wp-json\/wp\/v2\/product"}],"about":[{"href":"https:\/\/remediumbag.eu\/remediumwp\/wp-json\/wp\/v2\/types\/product"}],"wp:featuredmedia":[{"embeddable":true,"href":"https:\/\/remediumbag.eu\/remediumwp\/wp-json\/wp\/v2\/media\/11077"}],"wp:attachment":[{"href":"https:\/\/remediumbag.eu\/remediumwp\/wp-json\/wp\/v2\/media?parent=11076"}],"wp:term":[{"taxonomy":"product_cat","embeddable":true,"href":"https:\/\/remediumbag.eu\/remediumwp\/wp-json\/wp\/v2\/product_cat?post=11076"},{"taxonomy":"product_tag","embeddable":true,"href":"https:\/\/remediumbag.eu\/remediumwp\/wp-json\/wp\/v2\/product_tag?post=11076"}],"curies":[{"name":"wp","href":"https:\/\/api.w.org\/{rel}","templated":true}]}}