{"id":12923,"date":"2023-08-08T20:12:49","date_gmt":"2023-08-08T18:12:49","guid":{"rendered":"https:\/\/remediumbag.eu\/remediumwp\/?post_type=product&#038;p=12923"},"modified":"2023-08-09T08:22:58","modified_gmt":"2023-08-09T06:22:58","slug":"kopertowka-podwojna-czarna-na-linie-czarnej","status":"publish","type":"product","link":"https:\/\/remediumbag.eu\/remediumwp\/sklep\/kopertowka-podwojna-czarna-na-linie-czarnej\/","title":{"rendered":"kopert\u00f3wka podw\u00f3jna czarna na linie czarnej"},"content":{"rendered":"<div id=\"pl-12923\"  class=\"panel-layout\" ><div id=\"pg-12923-0\"  class=\"panel-grid panel-no-style\" ><div id=\"pgc-12923-0-0\"  class=\"panel-grid-cell\" ><div id=\"panel-12923-0-0-0\" class=\"so-panel widget widget_sow-editor panel-first-child panel-last-child\" data-index=\"0\" ><div\n\t\t\t\n\t\t\tclass=\"so-widget-sow-editor so-widget-sow-editor-base\"\n\t\t\t\n\t\t>\n<div class=\"siteorigin-widget-tinymce textwidget\">\n\t<h3>Kolekcja torebek podw\u00f3jnych<\/h3>\n<p>&nbsp;<\/p>\n<p>Kolekcja Podw\u00f3jna to proste geometryczne torebki z papieru do szycia lub lnu o charakterystycznym kroju. G\u0142\u00f3wna komora torebki jest zduplikowana co wida\u0107 na zewn\u0105trz. Torby te s\u0105 bardzo praktyczne w u\u017cytkowaniu. Ka\u017cda torebka ma wk\u0142adan\u0105 kieszonk\u0119 na telefon czy dokumenty i smycz na klucze. Kieszonka wykonana jest w filcu lub innego materia\u0142u, co zaznaczone jest w opisie.<\/p>\n<p>Tkaniny papierowa jest podobnej wytrzyma\u0142o\u015bci co bawe\u0142na. Jest to materia\u0142 kt\u00f3ry mo\u017cna pra\u0107 i prasowa\u0107. W wygl\u0105dzie przypomina zar\u00f3wno sk\u00f3r\u0119 jak i papier.<\/p>\n<p>Prosty kr\u00f3j i brak zb\u0119dnych element\u00f3w wyd\u0142u\u017ca \u017cycie torby i umo\u017cliwi\u0105 jej p\u00f3\u017aniejsza napraw\u0119 w razie potrzeby. \u0141atwo te\u017c tak\u0105 torb\u0119 przerobi\u0107 np. na domowy organizer na biurko lub w kuchni na \"przydasie\".<\/p>\n<p>&nbsp;<\/p>\n<h4>Kopert\u00f3wka podw\u00f3jna \/ czarna z czarn\u0105 lin\u0105 \u017ceglarsk\u0105<\/h4>\n<p>&nbsp;<\/p>\n<p>\u015arednia torebka podw\u00f3jna (dubeltowa) to torebka na rami\u0119 - typowa wielko\u015b\u0107 kopertowa na wyj\u015bcie, na spacer, do sklepu i na miasto, jak i\u00a0 podr\u00f3\u017cna podr\u0119czna torebka.<\/p>\n<p>Tkanina papierowa jest gruba - mo\u017cna\u00a0 j\u0105 por\u00f3wna\u0107 z grubo\u015bci\u0105 tradycyjnego, papierowego brystolu.<\/p>\n<p>Papier do szycia mo\u017cna te\u017c pra\u0107 i prasowa\u0107. Jest to celuloza z domieszk\u0105 lateksu syntetycznego. Namoczona jest jeszcze bardziej wytrzyma\u0142a! Po ka\u017cdym praniu i przy d\u0142ugim u\u017cytkowaniu papier stopniowo nabiera mi\u0119kko\u015bci i zagniece\u0144 - materia\u0142 nabiera struktury podobnej z czasem do struktury sk\u00f3ry. Nabiera charakteru!<\/p>\n<p>Tkanina papierowa jest produkcji niemieckiej i posiada certyfikat OEKO-TEX\u00ae Standard 100 (nie zawiera szkodliwych substancji) oraz FSC (odpowiedzialnego gospodarka lasami).<\/p>\n<p>W \u015brodku dopasowana wk\u0142adana kieszonka z metalowym k\u00f3\u0142kiem do wpinania smyczy. Na sta\u0142ym wyposa\u017ceniu jest r\u00f3wnie\u017c smycz na klucze. Torebka zapinana jest na dwa magnesy i pomie\u015bci telefon, portfel, notes mniejszego formatu, ma\u0142\u0105 kosmetyczk\u0119, saszetk\u0119, chusteczki.<\/p>\n<p>Zamiast paska mamy lin\u0119 \u017ceglarsk\u0105 o d\u0142ugo\u015bci do noszenia na ramieniu. D\u0142ugo\u015b\u0107 mo\u017cna ewentualnie regulowa\u0107 przez przesuwanie miedzy szlufkami dw\u00f3ch kieszeni. Tworz\u0105 si\u0119 wtedy dwa uchwyty - jeden mniejszy do r\u0119ki, drugi d\u0142u\u017cszy (lub r\u00f3wne). Lina jest produkcji polskiej.<\/p>\n<\/div>\n<\/div><\/div><\/div><div id=\"pgc-12923-0-1\"  class=\"panel-grid-cell\" ><div id=\"panel-12923-0-1-0\" class=\"so-panel widget widget_sow-image panel-first-child panel-last-child\" data-index=\"1\" ><div\n\t\t\t\n\t\t\tclass=\"so-widget-sow-image so-widget-sow-image-default-c43113e78d82-12923\"\n\t\t\t\n\t\t>\n\n<div class=\"sow-image-container\">\n\t\t\t<a href=\"http:\/\/remediumbag.eu\/remediumwp\/wp-content\/uploads\/2018\/12\/metka_papier.jpg\"\n\t\t\t\t\t>\n\t\t\t<img src=\"https:\/\/remediumbag.eu\/remediumwp\/wp-content\/uploads\/2018\/12\/metka_papier.jpg\" width=\"576\" height=\"384\" srcset=\"https:\/\/remediumbag.eu\/remediumwp\/wp-content\/uploads\/2018\/12\/metka_papier.jpg 576w, https:\/\/remediumbag.eu\/remediumwp\/wp-content\/uploads\/2018\/12\/metka_papier-400x267.jpg 400w, https:\/\/remediumbag.eu\/remediumwp\/wp-content\/uploads\/2018\/12\/metka_papier-272x182.jpg 272w\" sizes=\"(max-width: 576px) 100vw, 576px\" title=\"metka dla kolekcji z papieru do szycia\" alt=\"metka dla kolekcji toreb z papieru do szycia\" \t\tclass=\"so-widget-image\"\/>\n\t<\/a><\/div>\n\n<\/div><\/div><\/div><\/div><\/div>","protected":false},"excerpt":{"rendered":"<h4>Kopert\u00f3wka podw\u00f3jna z papieru<\/h4>\n<p>Jest to model torebki miejskiej, ale te\u017c z powodzeniem dodatkowej podr\u00f3\u017cnej:<\/p>\n<ul>\n<li>torebka w kolorze czarnym<\/li>\n<li>wykonana ze specjalnego papieru do szycia w wersji g\u0142adkiej &#8211; standardowej<\/li>\n<li>dwie kieszenie i wygodne uchwyty z czarnej liny \u017ceglarskiej<\/li>\n<li>wewn\u0105trz osobna kieszonka-wk\u0142adka z metalowym k\u00f3\u0142kiem do wpinania<\/li>\n<li>wpinana smycz na klucze<\/li>\n<li>przybli\u017cone rozmiary: szeroko\u015b\u0107 oko\u0142o 29 cm., wysoko\u015b\u0107 oko\u0142o 20 cm., grubo\u015b\u0107 oko\u0142o 6 cm.<\/li>\n<li>materia\u0142 papierowy produkcji niemieckiej<\/li>\n<li>lina czarna \u017ceglarska produkcji polskiej (na zdj\u0119ciu model z lin\u0105 granatow\u0105)<\/li>\n<\/ul>\n","protected":false},"featured_media":9845,"template":"","meta":{"kt_blocks_editor_width":""},"product_cat":[189,133,165],"product_tag":[142,217,158,185,186,190,191],"amp_enabled":true,"_links":{"self":[{"href":"https:\/\/remediumbag.eu\/remediumwp\/wp-json\/wp\/v2\/product\/12923"}],"collection":[{"href":"https:\/\/remediumbag.eu\/remediumwp\/wp-json\/wp\/v2\/product"}],"about":[{"href":"https:\/\/remediumbag.eu\/remediumwp\/wp-json\/wp\/v2\/types\/product"}],"wp:featuredmedia":[{"embeddable":true,"href":"https:\/\/remediumbag.eu\/remediumwp\/wp-json\/wp\/v2\/media\/9845"}],"wp:attachment":[{"href":"https:\/\/remediumbag.eu\/remediumwp\/wp-json\/wp\/v2\/media?parent=12923"}],"wp:term":[{"taxonomy":"product_cat","embeddable":true,"href":"https:\/\/remediumbag.eu\/remediumwp\/wp-json\/wp\/v2\/product_cat?post=12923"},{"taxonomy":"product_tag","embeddable":true,"href":"https:\/\/remediumbag.eu\/remediumwp\/wp-json\/wp\/v2\/product_tag?post=12923"}],"curies":[{"name":"wp","href":"https:\/\/api.w.org\/{rel}","templated":true}]}}

kopertówka podwójna czarna na linie czarnej

<div id="pl-12923"  class="panel-layout" ><div id="pg-12923-0"  class="panel-grid panel-no-style" ><div id="pgc-12923-0-0"  class="panel-grid-cell" ><div id="panel-12923-0-0-0" class="so-panel widget widget_sow-editor panel-first-child panel-last-child" data-index="0" ><div
			
			class="so-widget-sow-editor so-widget-sow-editor-base"
			
		>
<div class="siteorigin-widget-tinymce textwidget">
	<h3>Kolekcja torebek podwójnych</h3>
<p>&nbsp;</p>
<p>Kolekcja Podwójna to proste geometryczne torebki z papieru do szycia lub lnu o charakterystycznym kroju. Główna komora torebki jest zduplikowana co widać na zewnątrz. Torby te są bardzo praktyczne w użytkowaniu. Każda torebka ma wkładaną kieszonkę na telefon czy dokumenty i smycz na klucze. Kieszonka wykonana jest w filcu lub innego materiału, co zaznaczone jest w opisie.</p>
<p>Tkaniny papierowa jest podobnej wytrzymałości co bawełna. Jest to materiał który można prać i prasować. W wyglądzie przypomina zarówno skórę jak i papier.</p>
<p>Prosty krój i brak zbędnych elementów wydłuża życie torby i umożliwią jej późniejsza naprawę w razie potrzeby. Łatwo też taką torbę przerobić np. na domowy organizer na biurko lub w kuchni na "przydasie".</p>
<p>&nbsp;</p>
<h4>Kopertówka podwójna / czarna z czarną liną żeglarską</h4>
<p>&nbsp;</p>
<p>Średnia torebka podwójna (dubeltowa) to torebka na ramię - typowa wielkość kopertowa na wyjście, na spacer, do sklepu i na miasto, jak i  podróżna podręczna torebka.</p>
<p>Tkanina papierowa jest gruba - można  ją porównać z grubością tradycyjnego, papierowego brystolu.</p>
<p>Papier do szycia można też prać i prasować. Jest to celuloza z domieszką lateksu syntetycznego. Namoczona jest jeszcze bardziej wytrzymała! Po każdym praniu i przy długim użytkowaniu papier stopniowo nabiera miękkości i zagnieceń - materiał nabiera struktury podobnej z czasem do struktury skóry. Nabiera charakteru!</p>
<p>Tkanina papierowa jest produkcji niemieckiej i posiada certyfikat OEKO-TEX® Standard 100 (nie zawiera szkodliwych substancji) oraz FSC (odpowiedzialnego gospodarka lasami).</p>
<p>W środku dopasowana wkładana kieszonka z metalowym kółkiem do wpinania smyczy. Na stałym wyposażeniu jest również smycz na klucze. Torebka zapinana jest na dwa magnesy i pomieści telefon, portfel, notes mniejszego formatu, małą kosmetyczkę, saszetkę, chusteczki.</p>
<p>Zamiast paska mamy linę żeglarską o długości do noszenia na ramieniu. Długość można ewentualnie regulować przez przesuwanie miedzy szlufkami dwóch kieszeni. Tworzą się wtedy dwa uchwyty - jeden mniejszy do ręki, drugi dłuższy (lub równe). Lina jest produkcji polskiej.</p>
</div>
</div></div></div><div id="pgc-12923-0-1"  class="panel-grid-cell" ><div id="panel-12923-0-1-0" class="so-panel widget widget_sow-image panel-first-child panel-last-child" data-index="1" ><div
			
			class="so-widget-sow-image so-widget-sow-image-default-c43113e78d82-12923"
			
		>

<div class="sow-image-container">
			<a href="http://remediumbag.eu/remediumwp/wp-content/uploads/2018/12/metka_papier.jpg"
					>
			<img src="https://remediumbag.eu/remediumwp/wp-content/uploads/2018/12/metka_papier.jpg" width="576" height="384" srcset="https://remediumbag.eu/remediumwp/wp-content/uploads/2018/12/metka_papier.jpg 576w, https://remediumbag.eu/remediumwp/wp-content/uploads/2018/12/metka_papier-400x267.jpg 400w, https://remediumbag.eu/remediumwp/wp-content/uploads/2018/12/metka_papier-272x182.jpg 272w" sizes="(max-width: 576px) 100vw, 576px" title="metka dla kolekcji z papieru do szycia" alt="metka dla kolekcji toreb z papieru do szycia" 		class="so-widget-image"/>
	</a></div>

</div></div></div></div></div>

<h4>Kopertówka podwójna z papieru</h4>
<p>Jest to model torebki miejskiej, ale też z powodzeniem dodatkowej podróżnej:</p>
<ul>
<li>torebka w kolorze czarnym</li>
<li>wykonana ze specjalnego papieru do szycia w wersji gładkiej &#8211; standardowej</li>
<li>dwie kieszenie i wygodne uchwyty z czarnej liny żeglarskiej</li>
<li>wewnątrz osobna kieszonka-wkładka z metalowym kółkiem do wpinania</li>
<li>wpinana smycz na klucze</li>
<li>przybliżone rozmiary: szerokość około 29 cm., wysokość około 20 cm., grubość około 6 cm.</li>
<li>materiał papierowy produkcji niemieckiej</li>
<li>lina czarna żeglarska produkcji polskiej (na zdjęciu model z liną granatową)</li>
</ul>
