{"id":7742,"date":"2019-03-21T13:59:51","date_gmt":"2019-03-21T12:59:51","guid":{"rendered":"http:\/\/remediumbag.eu\/remediumwp\/?post_type=product&#038;p=7742"},"modified":"2019-03-22T15:44:08","modified_gmt":"2019-03-22T14:44:08","slug":"saszeta-papier-do-szycia","status":"publish","type":"product","link":"https:\/\/remediumbag.eu\/remediumwp\/sklep\/saszeta-papier-do-szycia\/","title":{"rendered":"saszeta papierowa"},"content":{"rendered":"<div id=\"pl-7742\"  class=\"panel-layout\" ><div id=\"pg-7742-0\"  class=\"panel-grid panel-no-style\" ><div id=\"pgc-7742-0-0\"  class=\"panel-grid-cell\" ><div id=\"panel-7742-0-0-0\" class=\"so-panel widget widget_sow-editor panel-first-child panel-last-child\" data-index=\"0\" ><div\n\t\t\t\n\t\t\tclass=\"so-widget-sow-editor so-widget-sow-editor-base\"\n\t\t\t\n\t\t>\n<div class=\"siteorigin-widget-tinymce textwidget\">\n\t<h4>Saszeta papierowa<\/h4>\n<h5>Saszetka, etui, kosmetyczka - doskona\u0142e wyposa\u017cenie damskiej torebki.<\/h5>\n<p>&nbsp;<\/p>\n<p>\u015arednich rozmiar\u00f3w saszeta, kt\u00f3ra pomie\u015bci nie jeden notes, ale i inne dokumenty i drobiazgi. Rozmiar zbli\u017cony do formatu A5. Doskona\u0142a do zorganizowania porz\u0105dku w torbie. Pakuj\u0105c do niej niezb\u0119dne rzeczy mo\u017cesz szybko przepakowa\u0107 si\u0119 z torby do torby. Ze wzgl\u0119du na rozmiar mo\u017ce s\u0142u\u017cy\u0107 tak\u017ce jako kosmetyczka.<\/p>\n<p>Zamykana na zamek b\u0142yskawiczny. Posiada r\u00f3wnie\u017c 1 k\u00f3\u0142ko, kt\u00f3re umo\u017cliwiaj\u0105 na wpi\u0119cie jej w bezpieczny spos\u00f3b do torby.<\/p>\n<p>Tkanina papierowa jest wystarczaj\u0105co sztywna, alby dokumenty nie gniot\u0142y si\u0119.<\/p>\n<\/div>\n<\/div><\/div><\/div><div id=\"pgc-7742-0-1\"  class=\"panel-grid-cell\" ><div id=\"panel-7742-0-1-0\" class=\"so-panel widget widget_sow-image panel-first-child panel-last-child\" data-index=\"1\" ><div\n\t\t\t\n\t\t\tclass=\"so-widget-sow-image so-widget-sow-image-default-c43113e78d82-7742\"\n\t\t\t\n\t\t>\n\n<div class=\"sow-image-container\">\n\t\t\t<a href=\"http:\/\/remediumbag.eu\/remediumwp\/wp-content\/uploads\/2018\/12\/metka_papier.jpg\"\n\t\t\t\t\t>\n\t\t\t<img src=\"https:\/\/remediumbag.eu\/remediumwp\/wp-content\/uploads\/2018\/12\/metka_brezent.jpg\" width=\"576\" height=\"384\" srcset=\"https:\/\/remediumbag.eu\/remediumwp\/wp-content\/uploads\/2018\/12\/metka_brezent.jpg 576w, https:\/\/remediumbag.eu\/remediumwp\/wp-content\/uploads\/2018\/12\/metka_brezent-400x267.jpg 400w, https:\/\/remediumbag.eu\/remediumwp\/wp-content\/uploads\/2018\/12\/metka_brezent-272x182.jpg 272w\" sizes=\"(max-width: 576px) 100vw, 576px\" title=\"metka brezent lniany\" alt=\"metka dla produkt\u00f3w z brezentu lnianego\" \t\tclass=\"so-widget-image\"\/>\n\t<\/a><\/div>\n\n<\/div><\/div><\/div><\/div><\/div>","protected":false},"excerpt":{"rendered":"<h5>Saszeta do utrzymania porz\u0105dku w torbie.<\/h5>\n<ul>\n<li>saszeta <a href=\"http:\/\/remediumbag.eu\/remediumwp\/portfolio\/kolory-papieru-do-szycia\/\" target=\"_blank\" rel=\"noopener noreferrer\">odceniach br\u0105zu<\/a><\/li>\n<li>wykonana z impregnowanego papieru do szycia<\/li>\n<li>elementy wyko\u0144czeniowe z papieru do szycia<\/li>\n<li>pojemna &#8211; pomie\u015bci notes formatu A5, dokumenty<\/li>\n<li>zapinana na zamek<\/li>\n<li>metalowe k\u00f3\u0142ko do wpinania<\/li>\n<li>przybli\u017cone rozmiary: szeroko\u015b\u0107 30 cm, wysoko\u015b\u0107 20 cm.<\/li>\n<\/ul>\n","protected":false},"featured_media":7811,"template":"","meta":{"kt_blocks_editor_width":""},"product_cat":[132],"product_tag":[172,170,171,169,168,167,173],"amp_enabled":true,"_links":{"self":[{"href":"https:\/\/remediumbag.eu\/remediumwp\/wp-json\/wp\/v2\/product\/7742"}],"collection":[{"href":"https:\/\/remediumbag.eu\/remediumwp\/wp-json\/wp\/v2\/product"}],"about":[{"href":"https:\/\/remediumbag.eu\/remediumwp\/wp-json\/wp\/v2\/types\/product"}],"wp:featuredmedia":[{"embeddable":true,"href":"https:\/\/remediumbag.eu\/remediumwp\/wp-json\/wp\/v2\/media\/7811"}],"wp:attachment":[{"href":"https:\/\/remediumbag.eu\/remediumwp\/wp-json\/wp\/v2\/media?parent=7742"}],"wp:term":[{"taxonomy":"product_cat","embeddable":true,"href":"https:\/\/remediumbag.eu\/remediumwp\/wp-json\/wp\/v2\/product_cat?post=7742"},{"taxonomy":"product_tag","embeddable":true,"href":"https:\/\/remediumbag.eu\/remediumwp\/wp-json\/wp\/v2\/product_tag?post=7742"}],"curies":[{"name":"wp","href":"https:\/\/api.w.org\/{rel}","templated":true}]}}