{"id":8112,"date":"2019-05-13T16:59:45","date_gmt":"2019-05-13T14:59:45","guid":{"rendered":"http:\/\/remediumbag.eu\/remediumwp\/?post_type=product&#038;p=8112"},"modified":"2020-11-24T22:04:46","modified_gmt":"2020-11-24T21:04:46","slug":"worek-jeans-7","status":"publish","type":"product","link":"https:\/\/remediumbag.eu\/remediumwp\/sklep\/worek-jeans-7\/","title":{"rendered":"worek jeans"},"content":{"rendered":"<div id=\"pl-8112\"  class=\"panel-layout\" ><div id=\"pg-8112-0\"  class=\"panel-grid panel-no-style\" ><div id=\"pgc-8112-0-0\"  class=\"panel-grid-cell\" ><div id=\"panel-8112-0-0-0\" class=\"so-panel widget widget_sow-editor panel-first-child panel-last-child\" data-index=\"0\" ><div\n\t\t\t\n\t\t\tclass=\"so-widget-sow-editor so-widget-sow-editor-base\"\n\t\t\t\n\t\t>\n<div class=\"siteorigin-widget-tinymce textwidget\">\n\t<h4>Kolekcja Jeans Out<\/h4>\n<p>Kolekcja powsta\u0142a z jeansu znalezionego w lokalnej hurtowni tkanin. Rolka jeansu o wspania\u0142ym niebieskim odcieniu le\u017ca\u0142a zakurzona w k\u0105cie z powodu wady fabrycznej. Wada polega\u0142a na przebarwieniu materia\u0142y co oko\u0142o p\u00f3\u0142 metra. Pomy\u015bla\u0142am, \u017ce mo\u017cna j\u0105 wykorzysta\u0107 do mniejszych work\u00f3w - takich idealnych dla dzieci, ale i na wycieczki dla doros\u0142ego. Do kompletu do work\u00f3w powsta\u0142y r\u00f3wnie\u017c torebki damskie.<\/p>\n<p>Kolekcja inspirowana jest podr\u00f3\u017cami i jest w marynarskim klimacie. Poniewa\u017c wiem, \u017ce najs\u0142absz\u0105 cech\u0105 work\u00f3w na plecy jest to, \u017ce cienkie linki wpijaj\u0105 si\u0119 w ramiona, zdecydowa\u0142am si\u0119 u\u017cy\u0107 porz\u0105dnych grubszych lin \u017ceglarskich. S\u0105 one bardzo trwa\u0142e, dlatego te\u017c mog\u0105 pos\u0142u\u017cy\u0107 do przer\u00f3\u017cnych zabaw lub przyda\u0107 si\u0119 w podr\u00f3\u017cy. Jeden sznur mo\u017cna wyj\u0105\u0107, wtedy drugi pozostaje w worku na jedno rami\u0119. Taka lina mo\u017ce pos\u0142u\u017cy\u0107 chocia\u017cby jako skakanka! Mo\u017cna te\u017c pohu\u015bta\u0107 si\u0119 na ga\u0142\u0119zi \ud83d\ude42<\/p>\n<h5>Uwaga! Kolekcja mocno limitowana!<\/h5>\n<p>&nbsp;<\/p>\n<h4>Worek jeansowy<\/h4>\n<p>Worek jeansowy \u015brednich rozmiar\u00f3w, tak aby pasowa\u0142 zar\u00f3wno doros\u0142emu, jak i dziecku. Podw\u00f3jne przeszycia, aby nie martwi\u0107 si\u0119 o swoje podr\u00f3\u017cne skarby. W \u015brodku znajduje si\u0119 metalowe k\u00f3\u0142ko do wpi\u0119cia dodatkowych akcesori\u00f3w. Do lin przypi\u0119ty jest dodatkowo aluminiowy kolorowy karabi\u0144czyk.<\/p>\n<p>Lina \u017ceglarska marki Lanex. Linki zawi\u0105zywane s\u0105 po to, \u017ceby z \u0142atwo\u015bci\u0105 je zdj\u0105\u0107 i zak\u0142ada\u0107, a tak\u017ce regulowa\u0107 d\u0142ugo\u015b\u0107 do ramienia.<\/p>\n<\/div>\n<\/div><\/div><\/div><div id=\"pgc-8112-0-1\"  class=\"panel-grid-cell\" ><div id=\"panel-8112-0-1-0\" class=\"so-panel widget widget_sow-image panel-first-child panel-last-child\" data-index=\"1\" ><div\n\t\t\t\n\t\t\tclass=\"so-widget-sow-image so-widget-sow-image-default-c43113e78d82-8112\"\n\t\t\t\n\t\t>\n\n<div class=\"sow-image-container\">\n\t\t\t<a href=\"http:\/\/remediumbag.eu\/remediumwp\/wp-content\/uploads\/2019\/05\/metka_studio_remedium.jpg\"\n\t\t\t\t\t>\n\t\t\t<img src=\"https:\/\/remediumbag.eu\/remediumwp\/wp-content\/uploads\/2019\/05\/metka_studio_remedium.jpg\" width=\"576\" height=\"384\" srcset=\"https:\/\/remediumbag.eu\/remediumwp\/wp-content\/uploads\/2019\/05\/metka_studio_remedium.jpg 576w, https:\/\/remediumbag.eu\/remediumwp\/wp-content\/uploads\/2019\/05\/metka_studio_remedium-400x267.jpg 400w, https:\/\/remediumbag.eu\/remediumwp\/wp-content\/uploads\/2019\/05\/metka_studio_remedium-272x182.jpg 272w\" sizes=\"(max-width: 576px) 100vw, 576px\" title=\"metka jeans\" alt=\"torby jeansowe\" \t\tclass=\"so-widget-image\"\/>\n\t<\/a><\/div>\n\n<\/div><\/div><\/div><\/div><\/div>","protected":false},"excerpt":{"rendered":"<h5>Worek jeans z lin\u0105 \u017ceglarsk\u0105 w kolorze fluo:<\/h5>\n<ul>\n<li>worek na plecy<\/li>\n<li>wykonany z jeansu bawe\u0142nianego<\/li>\n<li>wszywka logo z papieru do szycia (odporna w praniu)<\/li>\n<li>pojemny, ale niedu\u017cy &#8211; pomie\u015bci misia, ubranko, bidon, inna zabawk\u0119, lub notes formatu A5, dokumenty&#8230;<\/li>\n<li>zaci\u0105gany lin\u0105 \u017ceglarsk\u0105 &#8211; lina bardzo wytrzyma\u0142a i gruba (nie wpija si\u0119 w ramiona)<\/li>\n<li>metalowe k\u00f3\u0142ko do wpinania<\/li>\n<li>aluminiowy karabi\u0144czyk<\/li>\n<li>przybli\u017cone rozmiary: szeroko\u015b\u0107 34 cm, wysoko\u015b\u0107 38 cm.<\/li>\n<li>tkanina odnaleziona (deadstock, materia\u0142 ze skaz\u0105 niewidoczn\u0105 na produktach, poniewa\u017c w ich miejscach zaprojektowane zosta\u0142y szwy lub zagi\u0119cia)<\/li>\n<\/ul>\n","protected":false},"featured_media":8114,"template":"","meta":{"kt_blocks_editor_width":""},"product_cat":[178,179,226],"product_tag":[172,182,181,167,180],"amp_enabled":true,"_links":{"self":[{"href":"https:\/\/remediumbag.eu\/remediumwp\/wp-json\/wp\/v2\/product\/8112"}],"collection":[{"href":"https:\/\/remediumbag.eu\/remediumwp\/wp-json\/wp\/v2\/product"}],"about":[{"href":"https:\/\/remediumbag.eu\/remediumwp\/wp-json\/wp\/v2\/types\/product"}],"wp:featuredmedia":[{"embeddable":true,"href":"https:\/\/remediumbag.eu\/remediumwp\/wp-json\/wp\/v2\/media\/8114"}],"wp:attachment":[{"href":"https:\/\/remediumbag.eu\/remediumwp\/wp-json\/wp\/v2\/media?parent=8112"}],"wp:term":[{"taxonomy":"product_cat","embeddable":true,"href":"https:\/\/remediumbag.eu\/remediumwp\/wp-json\/wp\/v2\/product_cat?post=8112"},{"taxonomy":"product_tag","embeddable":true,"href":"https:\/\/remediumbag.eu\/remediumwp\/wp-json\/wp\/v2\/product_tag?post=8112"}],"curies":[{"name":"wp","href":"https:\/\/api.w.org\/{rel}","templated":true}]}}