{"id":9738,"date":"2020-11-24T21:24:40","date_gmt":"2020-11-24T20:24:40","guid":{"rendered":"https:\/\/remediumbag.eu\/remediumwp\/?post_type=product&#038;p=9738"},"modified":"2022-01-12T18:31:05","modified_gmt":"2022-01-12T17:31:05","slug":"zestaw-na-biurko-przybory","status":"publish","type":"product","link":"https:\/\/remediumbag.eu\/remediumwp\/sklep\/zestaw-na-biurko-przybory\/","title":{"rendered":"W sam raz zestaw na biurko"},"content":{"rendered":"<p>Zestaw na biurko zawiera:<\/p>\n<ul>\n<li>pi\u00f3rnik drewniany prostok\u0105tny<\/li>\n<li>przybornik na d\u0142ugopisy o klasycznym prostym kszta\u0142cie (lub alternatywnie ma\u0142y pojemnik z Washpapy)<\/li>\n<li>korkowa podk\u0142adka na biurko<\/li>\n<\/ul>\n<p>Ten zestaw jest naturalny, dla mi\u0142o\u015bnik\u00f3w natury i dbaj\u0105cych o \u015brodowisko, dlatego wszystkie przesy\u0142ki r\u00f3wnie\u017c\u00a0 <a href=\"https:\/\/remediumbag.eu\/remediumwp\/jak-pakujemy-produkty\/\">pakujemy ekologicznie<\/a>.<\/p>\n<p>Korek jest surowcem ekologicznym &#8211; drzewo, z kt\u00f3rego pozyskuje si\u0119 kor\u0119\u00a0 to <a href=\"https:\/\/pl.wikipedia.org\/wiki\/D%C4%85b_korkowy\" target=\"_blank\" rel=\"noopener\">d\u0105b korkowy\u00a0<\/a> &#8211; jest to kora obumar\u0142a, kt\u00f3ra na nowo przyrasta.<\/p>\n","protected":false},"excerpt":{"rendered":"<h2>W sam raz drewniany zestaw na biurko do pracy z domu<\/h2>\n<p>Specjalny zestaw na biurko to propozycja na prezent. W sk\u0142ad zestawu wchodzi pi\u00f3rnik drewniany, przybornik na d\u0142ugopisy o klasycznym prostym kszta\u0142cie (lub alternatywnie ma\u0142y pojemnik z Washpapy) oraz korkowa podk\u0142adka na biurko. Przybory biurkowe w ca\u0142o\u015bci wyko\u0144czone s\u0105 warstw\u0105 naturalnego korka w kolorze br\u0105zowo-czarnym. W takim samym odcieniu i wzorze jest praktyczna podk\u0142adka na biurko.<\/p>\n<p>Drewniany pi\u00f3rnik wyko\u0144czony naturalnym korkiem to klasyczny &#8220;pi\u00f3rnik Plastusia&#8221;. Ma dwie pod\u0142u\u017cne przegr\u00f3dki oraz ma\u0142\u0105 przegr\u00f3dk\u0119 na gumk\u0119 myszk\u0119.<\/p>\n<p>Drewniane pude\u0142ko na d\u0142ugopisy o kwadratowej podstawie. Organizer w ca\u0142o\u015bci wyko\u0144czony jest warstw\u0105 korka w kolorze br\u0105zowo-czarnym.<\/p>\n<p>&nbsp;<\/p>\n<p>Rozmiary pude\u0142ka na d\u0142ugopisy to: podstawa\u00a0 8 na 8 cm., wysoko\u015b\u0107 11 cm.<\/p>\n<p>Rozmiary pi\u00f3rnika to: d\u0142ugo\u015b\u0107 22cm., szeroko\u015b\u0107 8.5 cm., wysoko\u015b\u0107 3 cm.<\/p>\n<p>Rozmiary podk\u0142adki to: d\u0142ugo\u015b\u0107 60 cm., szeroko\u015b\u0107 30 cm., grubo\u015b\u0107 3mm.<\/p>\n<p>&nbsp;<\/p>\n<p>Podk\u0142adka korkowa jest trwa\u0142a i elastyczna. Ozdobna warstwa korka jest specjalnie nak\u0142adana na warstw\u0119 korka technicznego. Jest to produkt naturalny i ekologiczny. Wyko\u0144czenie satynowo-woskowe &#8211; bardzo mi\u0142e w dotyku. Wyprodukowane w Portugalii, polska dystrybucja.<\/p>\n<p>Pi\u00f3rnik oraz przybornik na d\u0142ugopisy wykonane s\u0105 z drewna sosnowego w Polsce (Drewex).<\/p>\n<p>Uwaga: w tym zestawie zamiast drewnianego-korkowego pojemnika na d\u0142ugopisy mo\u017cna wybra\u0107 pojemniczek z washpapy &#8211; jest troch\u0119 wi\u0119kszy ni\u017c drewniany i mo\u017cna go wypra\u0107. Prosz\u0119 zaznaczy\u0107 w notatce do zakupu i wybra\u0107 kolor <a href=\"https:\/\/remediumbag.eu\/remediumwp\/sklep\/pojemnik-jak-z-papieru-maly\/\">koszyczka<\/a> &#8211; proponuj\u0119 czarny, lub orzechowy.<\/p>\n<p>&nbsp;<\/p>\n<p>&nbsp;<\/p>\n","protected":false},"featured_media":9739,"template":"","meta":{"kt_blocks_editor_width":""},"product_cat":[227,205,226],"product_tag":[229,230,233,228,232,231],"amp_enabled":true,"_links":{"self":[{"href":"https:\/\/remediumbag.eu\/remediumwp\/wp-json\/wp\/v2\/product\/9738"}],"collection":[{"href":"https:\/\/remediumbag.eu\/remediumwp\/wp-json\/wp\/v2\/product"}],"about":[{"href":"https:\/\/remediumbag.eu\/remediumwp\/wp-json\/wp\/v2\/types\/product"}],"wp:featuredmedia":[{"embeddable":true,"href":"https:\/\/remediumbag.eu\/remediumwp\/wp-json\/wp\/v2\/media\/9739"}],"wp:attachment":[{"href":"https:\/\/remediumbag.eu\/remediumwp\/wp-json\/wp\/v2\/media?parent=9738"}],"wp:term":[{"taxonomy":"product_cat","embeddable":true,"href":"https:\/\/remediumbag.eu\/remediumwp\/wp-json\/wp\/v2\/product_cat?post=9738"},{"taxonomy":"product_tag","embeddable":true,"href":"https:\/\/remediumbag.eu\/remediumwp\/wp-json\/wp\/v2\/product_tag?post=9738"}],"curies":[{"name":"wp","href":"https:\/\/api.w.org\/{rel}","templated":true}]}}