{"id":9764,"date":"2020-11-25T11:01:18","date_gmt":"2020-11-25T10:01:18","guid":{"rendered":"https:\/\/remediumbag.eu\/remediumwp\/?post_type=product&#038;p=9764"},"modified":"2020-11-25T17:20:14","modified_gmt":"2020-11-25T16:20:14","slug":"portfel-papierowy-po-prostu-orzechowy","status":"publish","type":"product","link":"https:\/\/remediumbag.eu\/remediumwp\/sklep\/portfel-papierowy-po-prostu-orzechowy\/","title":{"rendered":"Portfel papierowy po prostu orzechowy"},"content":{"rendered":"<div id=\"pl-9764\"  class=\"panel-layout\" ><div id=\"pg-9764-0\"  class=\"panel-grid panel-no-style\" ><div id=\"pgc-9764-0-0\"  class=\"panel-grid-cell\" ><div id=\"panel-9764-0-0-0\" class=\"so-panel widget widget_sow-editor panel-first-child panel-last-child\" data-index=\"0\" ><div\n\t\t\t\n\t\t\tclass=\"so-widget-sow-editor so-widget-sow-editor-base\"\n\t\t\t\n\t\t>\n<div class=\"siteorigin-widget-tinymce textwidget\">\n\t<h3>Portfel papierowy z Washpapy<\/h3>\n<p>&nbsp;<\/p>\n<p>Portfel uniwersalny, zar\u00f3wno damski, jak i m\u0119ski, bo minimalistyczny. Jest to kolejna propozycja w kolekcji <a href=\"https:\/\/remediumbag.eu\/remediumwp\/male-rzeczy-akcesoria-dla-domu\/\">\"Ma\u0142e rzeczy\"<\/a>. Portfel wykonany jest ze specjalnego papieru do prania Washpapa, dzi\u0119ki czemu zawdzi\u0119cza sw\u00f3j oryginalny wygl\u0105d. Ca\u0142y mo\u017cna wypra\u0107 - nie musimy si\u0119 martwi\u0107 kiedy zabrudzi si\u0119 w takcie u\u017cytkowania.<\/p>\n<p>Tkanina papierowa, tzw. wega\u0144ska sk\u00f3ra, jest to materia\u0142, kt\u00f3ry mo\u017cna pra\u0107 i prasowa\u0107. W wygl\u0105dzie przypomina zar\u00f3wno sk\u00f3r\u0119 jak i papier. Z czasem i po kilku praniach coraz bardziej przypomina sk\u00f3r\u0119. Posiada certyfikat Oeko-Tex oraz Forest Stewardship Council (FSC) przyznawany produktom drzewnym (zr\u00f3wnowa\u017cona gospodarka lasami).<\/p>\n<p>Wersja papieru standard jest g\u0142adka i sztywniejsza - wygl\u0105dem bardziej przypomina papier brystol. Wersja papieru postarzana jest bardziej mi\u0119kka i wygl\u0105dem przypomina sk\u00f3r\u0119.<\/p>\n<p>Prosty kr\u00f3j i brak zb\u0119dnych element\u00f3w wyd\u0142u\u017ca \u017cycie produktu i umo\u017cliwi\u0105 p\u00f3\u017aniejsza napraw\u0119.<\/p>\n<p>&nbsp;<\/p>\n<h4>Portfel z papieru do prania<\/h4>\n<p>Portfel posiada dwie przegr\u00f3dki wymiarem dostosowane do przechowywania kart p\u0142atniczych, czy dowodu osobistego. Dodatkowo ma zak\u0142adki, kt\u00f3re mog\u0105 przytrzyma\u0107 na miejscu banknot, paragony, czy wizyt\u00f3wki.\u00a0 Rozmiary po z\u0142o\u017ceniu to 10 x 9 cm. Zapinany jest klapk\u0105 na magnes.<\/p>\n<p>W kolekcji mo\u017cna znale\u017a\u0107 te\u017c ma\u0142e i wi\u0119ksze saszetki oraz teczki na dokumenty.<\/p>\n<p>&nbsp;<\/p>\n<p>To nie wszystko! Poniewa\u017c jest to tkanina jak papier mo\u017cna j\u0105 r\u00f3wnie\u017c samodzielnie ozdobi\u0107 - mo\u017cna u\u017cy\u0107 popularnych marker\u00f3w dost\u0119pnych w sklepach plastycznych, lub innych farb i pisak\u00f3w dedykowanych do tekstyli\u00f3w. W galerii znajdziecie pojemniczek biurkowy ozdobiony przez moj\u0105 c\u00f3rk\u0119 i przechowuj\u0105cy w\u0142a\u015bnie markery. Do kolorowania polecam ja\u015bniejsze odcienie papieru.<\/p>\n<p>Tkanina papierowa jest gruba - mo\u017cna\u00a0 j\u0105 por\u00f3wna\u0107 z grubo\u015bci\u0105 tradycyjnego, papierowego brystolu.<\/p>\n<p>Papier do szycia mo\u017cna te\u017c pra\u0107 i prasowa\u0107. Jest to celuloza z domieszk\u0105 lateksu syntetycznego. Namoczona jest jeszcze bardziej wytrzyma\u0142a! Po ka\u017cdym praniu i przy d\u0142ugim u\u017cytkowaniu papier stopniowo nabiera mi\u0119kko\u015bci i zagniece\u0144 - materia\u0142 nabiera struktury podobnej z czasem do struktury sk\u00f3ry. Nabiera charakteru!<\/p>\n<p>Tkanina papierowa jest produkcji niemieckiej i posiada certyfikat OEKO-TEX\u00ae Standard 100 (nie zawiera szkodliwych substancji) oraz\u00a0 certyfikat FSC (odpowiedzialna gospodarka lasami).<\/p>\n<p>&nbsp;<\/p>\n<\/div>\n<\/div><\/div><\/div><div id=\"pgc-9764-0-1\"  class=\"panel-grid-cell\" ><div id=\"panel-9764-0-1-0\" class=\"so-panel widget widget_sow-image panel-first-child panel-last-child\" data-index=\"1\" ><div\n\t\t\t\n\t\t\tclass=\"so-widget-sow-image so-widget-sow-image-default-c43113e78d82-9764\"\n\t\t\t\n\t\t>\n\n<div class=\"sow-image-container\">\n\t\t\t<a href=\"http:\/\/remediumbag.eu\/remediumwp\/wp-content\/uploads\/2018\/12\/metka_papier.jpg\"\n\t\t\t\t\t>\n\t\t\t<img src=\"https:\/\/remediumbag.eu\/remediumwp\/wp-content\/uploads\/2018\/12\/metka_papier.jpg\" width=\"576\" height=\"384\" srcset=\"https:\/\/remediumbag.eu\/remediumwp\/wp-content\/uploads\/2018\/12\/metka_papier.jpg 576w, https:\/\/remediumbag.eu\/remediumwp\/wp-content\/uploads\/2018\/12\/metka_papier-400x267.jpg 400w, https:\/\/remediumbag.eu\/remediumwp\/wp-content\/uploads\/2018\/12\/metka_papier-272x182.jpg 272w\" sizes=\"(max-width: 576px) 100vw, 576px\" title=\"metka dla kolekcji z papieru do szycia\" alt=\"metka dla kolekcji toreb z papieru do szycia\" \t\tclass=\"so-widget-image\"\/>\n\t<\/a><\/div>\n\n<\/div><\/div><\/div><\/div><\/div>","protected":false},"excerpt":{"rendered":"<h4>Portfel papierowy\u00a0wega\u0144ski orzechowy<\/h4>\n<p>&nbsp;<\/p>\n<ul>\n<li>w kolorze skorupki orzecha w\u0142oskiego<\/li>\n<li>dwie przegrody na karty i got\u00f3wk\u0119<\/li>\n<li>zak\u0142adki na banknoty, paragony, czy wizyt\u00f3wki<\/li>\n<li>wykonana ze specjalnego papieru do szycia (wersja standard g\u0142adka jak papier)<\/li>\n<li>rozmiary po z\u0142o\u017ceniu: 11 x 9 cm<\/li>\n<li>zapi\u0119cie magnetyczne<\/li>\n<li>materia\u0142 papierowy produkcji niemieckiej (Washpapa)<\/li>\n<li>mo\u017cna pra\u0107 i prasowa\u0107<\/li>\n<li>zdj\u0119cie z zawarto\u015bci\u0105 dla inspiracji &#8211; sprzedawana bez zawarto\u015bci<\/li>\n<\/ul>\n","protected":false},"featured_media":9767,"template":"","meta":{"kt_blocks_editor_width":""},"product_cat":[205,226],"product_tag":[209,220,207],"amp_enabled":true,"_links":{"self":[{"href":"https:\/\/remediumbag.eu\/remediumwp\/wp-json\/wp\/v2\/product\/9764"}],"collection":[{"href":"https:\/\/remediumbag.eu\/remediumwp\/wp-json\/wp\/v2\/product"}],"about":[{"href":"https:\/\/remediumbag.eu\/remediumwp\/wp-json\/wp\/v2\/types\/product"}],"wp:featuredmedia":[{"embeddable":true,"href":"https:\/\/remediumbag.eu\/remediumwp\/wp-json\/wp\/v2\/media\/9767"}],"wp:attachment":[{"href":"https:\/\/remediumbag.eu\/remediumwp\/wp-json\/wp\/v2\/media?parent=9764"}],"wp:term":[{"taxonomy":"product_cat","embeddable":true,"href":"https:\/\/remediumbag.eu\/remediumwp\/wp-json\/wp\/v2\/product_cat?post=9764"},{"taxonomy":"product_tag","embeddable":true,"href":"https:\/\/remediumbag.eu\/remediumwp\/wp-json\/wp\/v2\/product_tag?post=9764"}],"curies":[{"name":"wp","href":"https:\/\/api.w.org\/{rel}","templated":true}]}}