{"id":9791,"date":"2020-12-01T22:21:36","date_gmt":"2020-12-01T21:21:36","guid":{"rendered":"https:\/\/remediumbag.eu\/remediumwp\/?post_type=product&#038;p=9791"},"modified":"2022-05-08T12:08:42","modified_gmt":"2022-05-08T10:08:42","slug":"torebka-podwojna-biala","status":"publish","type":"product","link":"https:\/\/remediumbag.eu\/remediumwp\/sklep\/torebka-podwojna-biala\/","title":{"rendered":"torebka podw\u00f3jna bia\u0142a"},"content":{"rendered":"<div id=\"pl-9791\"  class=\"panel-layout\" ><div id=\"pg-9791-0\"  class=\"panel-grid panel-no-style\" ><div id=\"pgc-9791-0-0\"  class=\"panel-grid-cell\" ><div id=\"panel-9791-0-0-0\" class=\"so-panel widget widget_sow-editor panel-first-child panel-last-child\" data-index=\"0\" ><div\n\t\t\t\n\t\t\tclass=\"so-widget-sow-editor so-widget-sow-editor-base\"\n\t\t\t\n\t\t>\n<div class=\"siteorigin-widget-tinymce textwidget\">\n\t<h3>Kolekcja torebek podw\u00f3jnych<\/h3>\n<p>&nbsp;<\/p>\n<p>Kolekcja Podw\u00f3jna to proste geometryczne torebki z papieru do szycia lub lnu o charakterystycznym kroju. G\u0142\u00f3wna komora torebki jest zduplikowana, co wida\u0107 na zewn\u0105trz. Torby te s\u0105 bardzo praktyczne w u\u017cytkowaniu. Ka\u017cda torebka ma wk\u0142adan\u0105 kieszonk\u0119 na telefon czy dokumenty i smycz na klucze. Kieszonka wykonana jest ze lnu, filcu lub innego materia\u0142u, co zaznaczone jest w opisie.<\/p>\n<p>Tkaniny papierowa jest podobnej wytrzyma\u0142o\u015bci co bawe\u0142na. Jest to materia\u0142 kt\u00f3ry mo\u017cna pra\u0107 i prasowa\u0107. W wygl\u0105dzie przypomina zar\u00f3wno papier.<\/p>\n<p>Prosty kr\u00f3j i brak zb\u0119dnych element\u00f3w wyd\u0142u\u017ca \u017cycie torby i umo\u017cliwi\u0105 jej p\u00f3\u017aniejsza napraw\u0119 w razie potrzeby. \u0141atwo te\u017c tak\u0105 torb\u0119 przerobi\u0107 np. na domowy organizer na biurko lub w kuchni na \"przydasie\".<\/p>\n<p>&nbsp;<\/p>\n<h4>Torebka podw\u00f3jna \/ modrakowa z odpinanym paskiem<\/h4>\n<p>&nbsp;<\/p>\n<p>Ma\u0142a torebka podw\u00f3jna (dubeltowa) to torebka na rami\u0119 - typowa wielko\u015b\u0107 kieszonkowa (\"pocket bag\") na wyj\u015bcie, na spacer, do sklepu i na miasto, jak i\u00a0 podr\u00f3\u017cna podr\u0119czna torebka.<\/p>\n<p>U\u017cyty do tego modelu papier Tyvek jest do\u015b\u0107 sztywny i szeleszcz\u0105cy - mo\u017cna go por\u00f3wna\u0107 z grubo\u015bci\u0105 grubszej kartki papieru.<\/p>\n<p>Papier do szycia mo\u017cna te\u017c pra\u0107. Po ka\u017cdym praniu i przy d\u0142ugim u\u017cytkowaniu papier stopniowo nabiera mi\u0119kko\u015bci i zagniece\u0144 - materia\u0142 nabiera wygl\u0105du mocno pogniecionej kartki - takiej zmi\u0119tej w kulk\u0119 i rozprostowanej.<\/p>\n<p>W \u015brodku dopasowana wk\u0142adana kieszonka (zamiast podszewki, aby produkt nie by\u0142 produktem z\u0142o\u017conym) z metalowym k\u00f3\u0142kiem do wpinania smyczy. Na sta\u0142ym wyposa\u017ceniu jest r\u00f3wnie\u017c smycz na klucze. Torebka zapinana jest na magnes i pomie\u015bci telefon, portfel, notes mniejszego formatu, ma\u0142\u0105 kosmetyczk\u0119, saszetk\u0119, chusteczki.<\/p>\n<p>Lin\u0119 kt\u00f3ra s\u0142u\u017cy jako pasek mo\u017cna dowolnie regulowa\u0107 przez przesuwanie przez 4 szlufki, tworz\u0105c dwa r\u00f3wne uchwyty, lub jeden d\u0142ugi, a drugi kr\u00f3tszy.<\/p>\n<\/div>\n<\/div><\/div><\/div><div id=\"pgc-9791-0-1\"  class=\"panel-grid-cell\" ><div id=\"panel-9791-0-1-0\" class=\"so-panel widget widget_sow-image panel-first-child panel-last-child\" data-index=\"1\" ><div\n\t\t\t\n\t\t\tclass=\"so-widget-sow-image so-widget-sow-image-default-c43113e78d82-9791\"\n\t\t\t\n\t\t>\n\n<div class=\"sow-image-container\">\n\t\t\t<a href=\"http:\/\/remediumbag.eu\/remediumwp\/wp-content\/uploads\/2018\/12\/metka_papier.jpg\"\n\t\t\t\t\t>\n\t\t\t<img src=\"https:\/\/remediumbag.eu\/remediumwp\/wp-content\/uploads\/2018\/12\/metka_papier.jpg\" width=\"576\" height=\"384\" srcset=\"https:\/\/remediumbag.eu\/remediumwp\/wp-content\/uploads\/2018\/12\/metka_papier.jpg 576w, https:\/\/remediumbag.eu\/remediumwp\/wp-content\/uploads\/2018\/12\/metka_papier-400x267.jpg 400w, https:\/\/remediumbag.eu\/remediumwp\/wp-content\/uploads\/2018\/12\/metka_papier-272x182.jpg 272w\" sizes=\"(max-width: 576px) 100vw, 576px\" title=\"metka dla kolekcji z papieru do szycia\" alt=\"metka dla kolekcji toreb z papieru do szycia\" \t\tclass=\"so-widget-image\"\/>\n\t<\/a><\/div>\n\n<\/div><\/div><\/div><\/div><\/div>","protected":false},"excerpt":{"rendered":"<h4>Torebka z papieru syntetycznego Podw\u00f3jna ma\u0142a<\/h4>\n<p>Jest to model torebki miejskiej, ale te\u017c z powodzeniem dodatkowej podr\u00f3\u017cnej:<\/p>\n<ul>\n<li>torebka w kolorze bia\u0142y<\/li>\n<li>wykonana ze specjalnego papieru syntetycznego, Tyvek-u<\/li>\n<li>dwie kieszenie<\/li>\n<li>przez szlufki kieszeni przeci\u0105gni\u0119ta \u017ceglarska lina w kolorze granatowym<\/li>\n<li>wewn\u0105trz osobna kieszonka-wk\u0142adka z papieru Washpapa (bia\u0142a lub czarna)<\/li>\n<li>wpinana smycz na klucze<\/li>\n<li>przybli\u017cone rozmiary: szeroko\u015b\u0107 oko\u0142o 23 cm., wysoko\u015b\u0107 oko\u0142o 20 cm., grubo\u015b\u0107 oko\u0142o 2 cm.<\/li>\n<li>materia\u0142 syntetyczny wyprodukowano w Luxemburgu<\/li>\n<li>papier Tyvek jest to w 100% polietylen i nadaje si\u0119 do recyklingu<\/li>\n<\/ul>\n","protected":false},"featured_media":9792,"template":"","meta":{"kt_blocks_editor_width":""},"product_cat":[189,165],"product_tag":[216,158,185,186,190,191,235],"amp_enabled":true,"_links":{"self":[{"href":"https:\/\/remediumbag.eu\/remediumwp\/wp-json\/wp\/v2\/product\/9791"}],"collection":[{"href":"https:\/\/remediumbag.eu\/remediumwp\/wp-json\/wp\/v2\/product"}],"about":[{"href":"https:\/\/remediumbag.eu\/remediumwp\/wp-json\/wp\/v2\/types\/product"}],"wp:featuredmedia":[{"embeddable":true,"href":"https:\/\/remediumbag.eu\/remediumwp\/wp-json\/wp\/v2\/media\/9792"}],"wp:attachment":[{"href":"https:\/\/remediumbag.eu\/remediumwp\/wp-json\/wp\/v2\/media?parent=9791"}],"wp:term":[{"taxonomy":"product_cat","embeddable":true,"href":"https:\/\/remediumbag.eu\/remediumwp\/wp-json\/wp\/v2\/product_cat?post=9791"},{"taxonomy":"product_tag","embeddable":true,"href":"https:\/\/remediumbag.eu\/remediumwp\/wp-json\/wp\/v2\/product_tag?post=9791"}],"curies":[{"name":"wp","href":"https:\/\/api.w.org\/{rel}","templated":true}]}}